CRAN Package Check Results for Package openSTARS

Last updated on 2021-06-21 05:49:46 CEST.

Flavor Version Tinstall Tcheck Ttotal Status Flags
r-devel-linux-x86_64-debian-clang 1.2.2 16.91 127.27 144.18 NOTE
r-devel-linux-x86_64-debian-gcc 1.2.2 12.24 95.82 108.06 NOTE
r-devel-linux-x86_64-fedora-clang 1.2.2 181.12 NOTE
r-devel-linux-x86_64-fedora-gcc 1.2.2 166.57 NOTE
r-devel-windows-x86_64 1.2.2 28.00 140.00 168.00 NOTE
r-devel-windows-x86_64-gcc10-UCRT 1.2.2 NOTE
r-patched-linux-x86_64 1.2.2 16.24 118.63 134.87 NOTE
r-patched-solaris-x86 1.2.2 256.70 NOTE
r-release-linux-x86_64 1.2.2 14.80 119.17 133.97 NOTE
r-release-macos-arm64 1.2.2 NOTE
r-release-macos-x86_64 1.2.2 NOTE
r-release-windows-ix86+x86_64 1.2.2 31.00 176.00 207.00 NOTE
r-oldrel-macos-x86_64 1.2.2 NOTE

Check Details

Version: 1.2.2
Check: LazyData
Result: NOTE
     'LazyData' is specified without a 'data' directory
Flavors: r-devel-linux-x86_64-debian-clang, r-devel-linux-x86_64-debian-gcc, r-devel-linux-x86_64-fedora-clang, r-devel-linux-x86_64-fedora-gcc, r-devel-windows-x86_64, r-devel-windows-x86_64-gcc10-UCRT, r-patched-linux-x86_64, r-patched-solaris-x86, r-release-linux-x86_64, r-release-macos-arm64, r-release-macos-x86_64, r-release-windows-ix86+x86_64

Version: 1.2.2
Check: installed package size
Result: NOTE
     installed size is 9.4Mb
     sub-directories of 1Mb or more:
     extdata 9.0Mb
Flavors: r-devel-linux-x86_64-fedora-clang, r-devel-windows-x86_64, r-patched-solaris-x86, r-release-macos-arm64, r-release-macos-x86_64, r-release-windows-ix86+x86_64, r-oldrel-macos-x86_64