CRAN Package Check Results for Package openbankeR

Last updated on 2024-02-25 06:08:35 CET.

Flavor Version Tinstall Tcheck Ttotal Status Flags
r-devel-linux-x86_64-debian-clang 0.1.1 2.76 25.62 28.38 OK
r-devel-linux-x86_64-debian-gcc 0.1.1 2.31 19.82 22.13 OK
r-devel-linux-x86_64-fedora-clang 0.1.1 35.81 NOTE
r-devel-linux-x86_64-fedora-gcc 0.1.1 45.72 NOTE
r-devel-windows-x86_64 0.1.1 4.00 43.00 47.00 OK
r-patched-linux-x86_64 0.1.1 2.90 24.69 27.59 OK
r-release-linux-x86_64 0.1.1 1.66 24.20 25.86 OK
r-release-macos-arm64 0.1.1 21.00 OK
r-release-macos-x86_64 0.1.1 28.00 OK
r-release-windows-x86_64 0.1.1 4.00 42.00 46.00 OK
r-oldrel-macos-arm64 0.1.1 17.00 NOTE
r-oldrel-windows-x86_64 0.1.1 4.00 48.00 52.00 OK

Check Details

Version: 0.1.1
Check: dependencies in R code
Result: NOTE Namespaces in Imports field not imported from: ‘dplyr’ ‘glue’ ‘httpcode’ ‘httr’ ‘jsonlite’ ‘tidyr’ All declared Imports should be used. Flavors: r-devel-linux-x86_64-fedora-clang, r-devel-linux-x86_64-fedora-gcc, r-oldrel-macos-arm64