CRAN Package Check Results for Package optiSel

Last updated on 2021-01-18 05:47:33 CET.

Flavor Version Tinstall Tcheck Ttotal Status Flags
r-devel-linux-x86_64-debian-clang 2.0.5 176.57 258.61 435.18 OK
r-devel-linux-x86_64-debian-gcc 2.0.5 104.06 198.69 302.75 OK
r-devel-linux-x86_64-fedora-clang 2.0.5 561.77 NOTE
r-devel-linux-x86_64-fedora-gcc 2.0.5 402.87 OK
r-devel-windows-ix86+x86_64 2.0.5 296.00 385.00 681.00 NOTE
r-patched-linux-x86_64 2.0.5 137.81 242.02 379.83 OK
r-patched-solaris-x86 2.0.5 578.60 OK
r-release-linux-x86_64 2.0.5 142.48 241.36 383.84 OK
r-release-macos-x86_64 2.0.5 NOTE
r-release-windows-ix86+x86_64 2.0.3 339.00 388.00 727.00 NOTE
r-oldrel-macos-x86_64 2.0.5 WARN
r-oldrel-windows-ix86+x86_64 2.0.5 265.00 311.00 576.00 OK

Check Details

Version: 2.0.5
Check: installed package size
Result: NOTE
     installed size is 6.7Mb
     sub-directories of 1Mb or more:
     extdata 1.8Mb
     libs 3.8Mb
Flavors: r-devel-linux-x86_64-fedora-clang, r-devel-windows-ix86+x86_64, r-release-macos-x86_64, r-oldrel-macos-x86_64

Version: 2.0.5
Check: Rd cross-references
Result: NOTE
    Undeclared packages ‘alabama’, ‘cccp’, ‘nloptr’ in Rd xrefs
Flavor: r-devel-linux-x86_64-fedora-clang

Version: 2.0.3
Check: installed package size
Result: NOTE
     installed size is 5.1Mb
     sub-directories of 1Mb or more:
     extdata 1.8Mb
     libs 2.3Mb
Flavor: r-release-windows-ix86+x86_64

Version: 2.0.5
Check: whether package can be installed
Result: WARN
    Found the following significant warnings:
     Warning: 'rgl.init' failed, running with 'rgl.useNULL = TRUE'.
Flavor: r-oldrel-macos-x86_64