CRAN Package Check Results for Package optiSolve

Last updated on 2019-09-20 05:47:00 CEST.

Flavor Version Tinstall Tcheck Ttotal Status Flags
r-devel-linux-x86_64-debian-clang 0.1 7.96 83.03 90.99 OK
r-devel-linux-x86_64-debian-gcc 0.1 6.96 66.89 73.85 OK
r-devel-linux-x86_64-fedora-clang 0.1 111.04 OK
r-devel-linux-x86_64-fedora-gcc 0.1 110.45 OK
r-devel-windows-ix86+x86_64 0.1 33.00 135.00 168.00 OK
r-patched-linux-x86_64 0.1 9.05 81.70 90.75 OK
r-patched-solaris-x86 0.1 292.60 OK
r-release-linux-x86_64 0.1 8.77 82.51 91.28 OK
r-release-windows-ix86+x86_64 0.1 12.00 101.00 113.00 OK
r-release-osx-x86_64 0.1 WARN
r-oldrel-windows-ix86+x86_64 0.1 10.00 95.00 105.00 OK
r-oldrel-osx-x86_64 0.1 OK

Check Details

Version: 0.1
Check: whether package can be installed
Result: WARN
    Found the following significant warnings:
     Warning: 'rgl_init' failed, running with rgl.useNULL = TRUE
Flavor: r-release-osx-x86_64