CRAN Package Check Results for Package optimall

Last updated on 2021-12-03 05:52:06 CET.

Flavor Version Tinstall Tcheck Ttotal Status Flags
r-devel-linux-x86_64-debian-clang 0.1.0 7.74 65.16 72.90 OK
r-devel-linux-x86_64-debian-gcc 0.1.0 4.96 49.68 54.64 OK
r-devel-linux-x86_64-fedora-clang 0.1.0 97.94 OK
r-devel-linux-x86_64-fedora-gcc 0.1.0 85.76 OK
r-devel-windows-x86_64-new-UL 0.1.0 18.00 148.00 166.00 OK
r-devel-windows-x86_64-new-TK 0.1.0 OK
r-devel-windows-x86_64-old 0.1.0 13.00 86.00 99.00 OK
r-patched-linux-x86_64 0.1.0 7.92 63.46 71.38 OK
r-patched-solaris-x86 0.1.0 103.10 NOTE
r-release-linux-x86_64 0.1.0 7.15 63.09 70.24 OK
r-release-macos-arm64 0.1.0 OK
r-release-macos-x86_64 0.1.0 OK
r-release-windows-ix86+x86_64 0.1.0 13.00 112.00 125.00 OK
r-oldrel-macos-x86_64 0.1.0 OK
r-oldrel-windows-ix86+x86_64 0.1.0 13.00 109.00 122.00 OK

Check Details

Version: 0.1.0
Check: installed package size
Result: NOTE
     installed size is 5.2Mb
     sub-directories of 1Mb or more:
     doc 2.1Mb
     shiny-app 1.0Mb
Flavor: r-patched-solaris-x86