CRAN Package Check Results for Package ordinalClust

Last updated on 2019-07-16 05:48:24 CEST.

Flavor Version Tinstall Tcheck Ttotal Status Flags
r-devel-linux-x86_64-debian-clang 1.3.3 160.45 48.87 209.32 OK
r-devel-linux-x86_64-debian-gcc 1.3.3 127.93 40.18 168.11 OK
r-devel-linux-x86_64-fedora-clang 1.3.3 298.17 NOTE
r-devel-linux-x86_64-fedora-gcc 1.3.3 310.43 OK
r-devel-windows-ix86+x86_64 1.3.3 438.00 87.00 525.00 OK
r-patched-linux-x86_64 1.3.3 151.34 48.98 200.32 OK
r-patched-solaris-x86 1.3.3 336.00 OK
r-release-linux-x86_64 1.3.3 145.35 48.89 194.24 OK
r-release-windows-ix86+x86_64 1.3.3 332.00 114.00 446.00 OK
r-release-osx-x86_64 1.3.3 NOTE
r-oldrel-windows-ix86+x86_64 1.3.3 415.00 93.00 508.00 OK
r-oldrel-osx-x86_64 1.3.3 NOTE

Check Details

Version: 1.3.3
Check: installed package size
Result: NOTE
     installed size is 9.6Mb
     sub-directories of 1Mb or more:
     libs 9.3Mb
Flavors: r-devel-linux-x86_64-fedora-clang, r-release-osx-x86_64, r-oldrel-osx-x86_64