CRAN Package Check Results for Package ordinalLBM

Last updated on 2021-12-08 05:58:46 CET.

Flavor Version Tinstall Tcheck Ttotal Status Flags
r-devel-linux-x86_64-debian-clang 1.0 2.78 34.10 36.88 OK
r-devel-linux-x86_64-debian-gcc 1.0 2.08 26.87 28.95 OK
r-devel-linux-x86_64-fedora-clang 1.0 46.18 NOTE
r-devel-linux-x86_64-fedora-gcc 1.0 35.15 NOTE
r-devel-windows-x86_64-new-UL 1.0 7.00 60.00 67.00 OK
r-devel-windows-x86_64-new-TK 1.0 NOTE
r-devel-windows-x86_64-old 1.0 5.00 33.00 38.00 OK
r-patched-linux-x86_64 1.0 2.78 32.50 35.28 OK
r-release-linux-x86_64 1.0 2.47 32.53 35.00 OK
r-release-macos-arm64 1.0 NOTE
r-release-macos-x86_64 1.0 NOTE
r-release-windows-ix86+x86_64 1.0 5.00 44.00 49.00 OK
r-oldrel-macos-x86_64 1.0 NOTE
r-oldrel-windows-ix86+x86_64 1.0 5.00 41.00 46.00 OK

Check Details

Version: 1.0
Check: dependencies in R code
Result: NOTE
    Namespace in Imports field not imported from: ‘reshape2’
     All declared Imports should be used.
Flavors: r-devel-linux-x86_64-fedora-clang, r-devel-linux-x86_64-fedora-gcc, r-devel-windows-x86_64-new-TK, r-release-macos-arm64, r-release-macos-x86_64, r-oldrel-macos-x86_64