CRAN Package Check Results for Package ordinalLBM

Last updated on 2019-08-19 05:46:29 CEST.

Flavor Version Tinstall Tcheck Ttotal Status Flags
r-devel-linux-x86_64-debian-clang 1.0 2.65 22.79 25.44 OK
r-devel-linux-x86_64-debian-gcc 1.0 1.97 17.91 19.88 OK
r-devel-linux-x86_64-fedora-clang 1.0 29.70 NOTE
r-devel-linux-x86_64-fedora-gcc 1.0 30.89 NOTE
r-devel-windows-ix86+x86_64 1.0 6.00 31.00 37.00 OK
r-patched-linux-x86_64 1.0 2.32 22.38 24.70 OK
r-patched-solaris-x86 1.0 46.20 NOTE
r-release-linux-x86_64 1.0 2.12 22.37 24.49 OK
r-release-windows-ix86+x86_64 1.0 4.00 32.00 36.00 OK
r-release-osx-x86_64 1.0 NOTE
r-oldrel-windows-ix86+x86_64 1.0 5.00 44.00 49.00 OK
r-oldrel-osx-x86_64 1.0 NOTE

Check Details

Version: 1.0
Check: dependencies in R code
Result: NOTE
    Namespace in Imports field not imported from: ‘reshape2’
     All declared Imports should be used.
Flavors: r-devel-linux-x86_64-fedora-clang, r-devel-linux-x86_64-fedora-gcc, r-patched-solaris-x86, r-release-osx-x86_64, r-oldrel-osx-x86_64