CRAN Package Check Results for Package ordinalLBM

Last updated on 2019-12-09 05:47:20 CET.

Flavor Version Tinstall Tcheck Ttotal Status Flags
r-devel-linux-x86_64-debian-clang 1.0 2.31 23.63 25.94 OK
r-devel-linux-x86_64-debian-gcc 1.0 2.00 18.56 20.56 OK
r-devel-linux-x86_64-fedora-clang 1.0 32.66 NOTE
r-devel-linux-x86_64-fedora-gcc 1.0 30.16 NOTE
r-devel-windows-ix86+x86_64 1.0 6.00 45.00 51.00 OK
r-devel-windows-ix86+x86_64-gcc8 1.0 5.00 47.00 52.00 OK
r-patched-linux-x86_64 1.0 1.89 21.89 23.78 OK
r-patched-solaris-x86 1.0 42.90 NOTE
r-release-linux-x86_64 1.0 2.01 22.29 24.30 OK
r-release-windows-ix86+x86_64 1.0 5.00 35.00 40.00 OK
r-release-osx-x86_64 1.0 NOTE
r-oldrel-windows-ix86+x86_64 1.0 3.00 69.00 72.00 OK
r-oldrel-osx-x86_64 1.0 NOTE

Check Details

Version: 1.0
Check: dependencies in R code
Result: NOTE
    Namespace in Imports field not imported from: ‘reshape2’
     All declared Imports should be used.
Flavors: r-devel-linux-x86_64-fedora-clang, r-devel-linux-x86_64-fedora-gcc, r-patched-solaris-x86, r-release-osx-x86_64, r-oldrel-osx-x86_64