CRAN Package Check Results for Package oreo

Last updated on 2022-01-18 05:50:21 CET.

Flavor Version Tinstall Tcheck Ttotal Status Flags
r-devel-linux-x86_64-debian-clang 1.0 4.62 46.92 51.54 OK
r-devel-linux-x86_64-debian-gcc 1.0 3.56 36.52 40.08 OK
r-devel-linux-x86_64-fedora-clang 1.0 63.05 NOTE
r-devel-linux-x86_64-fedora-gcc 1.0 51.97 NOTE
r-devel-windows-x86_64-new-UL 1.0 26.00 69.00 95.00 OK
r-devel-windows-x86_64-new-TK 1.0 NOTE
r-patched-linux-x86_64 1.0 5.32 45.95 51.27 OK
r-release-linux-x86_64 1.0 OK
r-release-macos-arm64 1.0 NOTE
r-release-macos-x86_64 1.0 NOTE
r-release-windows-ix86+x86_64 1.0 11.00 60.00 71.00 OK
r-oldrel-macos-x86_64 1.0 NOTE
r-oldrel-windows-ix86+x86_64 1.0 11.00 63.00 74.00 OK

Check Details

Version: 1.0
Check: dependencies in R code
Result: NOTE
    Namespaces in Imports field not imported from:
     ‘ggplot2’ ‘gridExtra’ ‘scales’ ‘tools’
     All declared Imports should be used.
Flavors: r-devel-linux-x86_64-fedora-clang, r-devel-linux-x86_64-fedora-gcc, r-devel-windows-x86_64-new-TK, r-release-macos-arm64, r-release-macos-x86_64, r-oldrel-macos-x86_64