CRAN Package Check Results for Package orloca

Last updated on 2021-12-07 05:55:12 CET.

Flavor Version Tinstall Tcheck Ttotal Status Flags
r-devel-linux-x86_64-debian-clang 4.10 4.73 47.63 52.36 OK
r-devel-linux-x86_64-debian-gcc 4.10 4.01 36.83 40.84 OK
r-devel-linux-x86_64-fedora-clang 4.10 65.22 NOTE
r-devel-linux-x86_64-fedora-gcc 4.10 53.63 NOTE
r-devel-windows-x86_64-new-UL 4.10 15.00 84.00 99.00 OK
r-devel-windows-x86_64-new-TK 4.10 NOTE
r-devel-windows-x86_64-old 4.10 9.00 48.00 57.00 OK
r-patched-linux-x86_64 4.10 4.47 46.77 51.24 OK
r-release-linux-x86_64 4.10 3.95 46.66 50.61 OK
r-release-macos-arm64 4.10 NOTE
r-release-macos-x86_64 4.10 NOTE
r-release-windows-ix86+x86_64 4.10 8.00 69.00 77.00 OK
r-oldrel-macos-x86_64 4.10 NOTE
r-oldrel-windows-ix86+x86_64 4.10 10.00 64.00 74.00 OK

Check Details

Version: 4.10
Check: dependencies in R code
Result: NOTE
    Namespaces in Imports field not imported from:
     ‘knitr’ ‘rmarkdown’
     All declared Imports should be used.
Flavors: r-devel-linux-x86_64-fedora-clang, r-devel-linux-x86_64-fedora-gcc, r-devel-windows-x86_64-new-TK, r-release-macos-arm64, r-release-macos-x86_64, r-oldrel-macos-x86_64

Version: 4.10
Check: Rd cross-references
Result: NOTE
    Undeclared package ‘orloca.es’ in Rd xrefs
Flavor: r-devel-linux-x86_64-fedora-clang