Last updated on 2023-12-11 05:52:01 CET.
Flavor | Version | Tinstall | Tcheck | Ttotal | Status | Flags |
---|---|---|---|---|---|---|
r-devel-linux-x86_64-debian-clang | 0.5.1 | 4.36 | 49.32 | 53.68 | NOTE | |
r-devel-linux-x86_64-debian-gcc | 0.5.1 | 4.09 | 37.47 | 41.56 | NOTE | |
r-devel-linux-x86_64-fedora-clang | 0.5.1 | 68.78 | OK | |||
r-devel-linux-x86_64-fedora-gcc | 0.5.1 | 64.91 | OK | |||
r-devel-windows-x86_64 | 0.5.1 | 6.00 | 58.00 | 64.00 | OK | |
r-patched-linux-x86_64 | 0.5.1 | 3.82 | 48.14 | 51.96 | OK | |
r-release-linux-x86_64 | 0.5.1 | 3.33 | 48.12 | 51.45 | OK | |
r-release-macos-arm64 | 0.5.1 | 23.00 | OK | |||
r-release-macos-x86_64 | 0.5.1 | 36.00 | OK | |||
r-release-windows-x86_64 | 0.5.1 | 7.00 | 63.00 | 70.00 | OK | |
r-oldrel-macos-arm64 | 0.5.1 | 22.00 | OK | |||
r-oldrel-macos-x86_64 | 0.5.1 | 40.00 | OK | |||
r-oldrel-windows-x86_64 | 0.5.1 | 7.00 | 65.00 | 72.00 | OK |
Version: 0.5.1
Check: Rd files
Result: NOTE
checkRd: (-1) otp_create_surface.Rd:33: Lost braces; missing escapes or markup?
33 | The file will be named surface_{id}.tiff, with {id} replaced by the OTP id assigned
| ^
checkRd: (-1) otp_create_surface.Rd:33: Lost braces; missing escapes or markup?
33 | The file will be named surface_{id}.tiff, with {id} replaced by the OTP id assigned
| ^
Flavors: r-devel-linux-x86_64-debian-clang, r-devel-linux-x86_64-debian-gcc