CRAN Package Check Results for Package otpr

Last updated on 2024-06-20 06:57:19 CEST.

Flavor Version Tinstall Tcheck Ttotal Status Flags
r-devel-linux-x86_64-debian-clang 0.5.1 5.88 49.70 55.58 NOTE
r-devel-linux-x86_64-debian-gcc 0.5.1 4.53 36.60 41.13 NOTE
r-devel-linux-x86_64-fedora-clang 0.5.1 70.00 NOTE
r-devel-linux-x86_64-fedora-gcc 0.5.1 64.53 NOTE
r-devel-windows-x86_64 0.5.1 7.00 57.00 64.00 NOTE
r-patched-linux-x86_64 0.5.1 4.51 47.03 51.54 NOTE
r-release-linux-x86_64 0.5.1 4.32 47.74 52.06 NOTE
r-release-macos-arm64 0.5.1 23.00 NOTE
r-release-macos-x86_64 0.5.1 32.00 NOTE
r-release-windows-x86_64 0.5.1 8.00 63.00 71.00 NOTE
r-oldrel-macos-arm64 0.5.1 23.00 OK
r-oldrel-macos-x86_64 0.5.1 36.00 OK
r-oldrel-windows-x86_64 0.5.1 7.00 63.00 70.00 OK

Check Details

Version: 0.5.1
Check: Rd files
Result: NOTE checkRd: (-1) otp_create_surface.Rd:33: Lost braces; missing escapes or markup? 33 | The file will be named surface_{id}.tiff, with {id} replaced by the OTP id assigned | ^ checkRd: (-1) otp_create_surface.Rd:33: Lost braces; missing escapes or markup? 33 | The file will be named surface_{id}.tiff, with {id} replaced by the OTP id assigned | ^ Flavors: r-devel-linux-x86_64-debian-clang, r-devel-linux-x86_64-debian-gcc, r-devel-linux-x86_64-fedora-clang, r-devel-linux-x86_64-fedora-gcc, r-devel-windows-x86_64, r-patched-linux-x86_64, r-release-linux-x86_64, r-release-macos-arm64, r-release-macos-x86_64, r-release-windows-x86_64