CRAN Package Check Results for Package otvPlots

Last updated on 2021-06-21 05:49:46 CEST.

Flavor Version Tinstall Tcheck Ttotal Status Flags
r-devel-linux-x86_64-debian-clang 0.2.1 11.75 138.66 150.41 OK
r-devel-linux-x86_64-debian-gcc 0.2.1 10.03 101.54 111.57 OK
r-devel-linux-x86_64-fedora-clang 0.2.1 179.84 NOTE
r-devel-linux-x86_64-fedora-gcc 0.2.1 167.29 NOTE
r-devel-windows-x86_64 0.2.1 20.00 140.00 160.00 OK
r-devel-windows-x86_64-gcc10-UCRT 0.2.1 NOTE
r-patched-linux-x86_64 0.2.1 12.62 122.44 135.06 OK
r-patched-solaris-x86 0.2.1 239.20 NOTE
r-release-linux-x86_64 0.2.1 9.47 125.47 134.94 OK
r-release-macos-arm64 0.2.1 NOTE
r-release-macos-x86_64 0.2.1 NOTE
r-release-windows-ix86+x86_64 0.2.1 29.00 157.00 186.00 OK
r-oldrel-macos-x86_64 0.2.1 NOTE

Check Details

Version: 0.2.1
Check: dependencies in R code
Result: NOTE
    Namespace in Imports field not imported from: ‘quantreg’
     All declared Imports should be used.
Flavors: r-devel-linux-x86_64-fedora-clang, r-devel-linux-x86_64-fedora-gcc, r-devel-windows-x86_64-gcc10-UCRT, r-patched-solaris-x86, r-release-macos-arm64, r-release-macos-x86_64, r-oldrel-macos-x86_64