CRAN Package Check Results for Package paco

Last updated on 2021-09-21 05:51:23 CEST.

Flavor Version Tinstall Tcheck Ttotal Status Flags
r-devel-linux-x86_64-debian-clang 0.4.2 2.58 29.25 31.83 OK
r-devel-linux-x86_64-debian-gcc 0.4.2 1.89 22.55 24.44 OK
r-devel-linux-x86_64-fedora-clang 0.4.2 46.46 NOTE
r-devel-linux-x86_64-fedora-gcc 0.4.2 36.02 NOTE
r-devel-windows-x86_64 0.4.2 3.00 34.00 37.00 OK
r-devel-windows-x86_64-gcc10-UCRT 0.4.2 ERROR
r-patched-linux-x86_64 0.4.2 2.49 28.03 30.52 OK
r-patched-solaris-x86 0.4.2 56.10 NOTE
r-release-linux-x86_64 0.4.2 2.44 28.41 30.85 OK
r-release-macos-arm64 0.4.2 NOTE
r-release-macos-x86_64 0.4.2 NOTE
r-release-windows-ix86+x86_64 0.4.2 6.00 36.00 42.00 OK
r-oldrel-macos-x86_64 0.4.2 NOTE
r-oldrel-windows-ix86+x86_64 0.4.2 5.00 35.00 40.00 OK

Check Details

Version: 0.4.2
Check: dependencies in R code
Result: NOTE
    Namespace in Imports field not imported from: ‘ape’
     All declared Imports should be used.
Flavors: r-devel-linux-x86_64-fedora-clang, r-devel-linux-x86_64-fedora-gcc, r-devel-windows-x86_64-gcc10-UCRT, r-patched-solaris-x86, r-release-macos-arm64, r-release-macos-x86_64, r-oldrel-macos-x86_64

Version: 0.4.2
Check: whether package can be installed
Result: WARN
    Found the following significant warnings:
     WARNING: installation-time patches will not be applied, could not get the patches index
Flavor: r-devel-windows-x86_64-gcc10-UCRT

Version: 0.4.2
Check: PDF version of manual
Result: WARN
    LaTeX errors when creating PDF version.
    This typically indicates Rd problems.
Flavor: r-devel-windows-x86_64-gcc10-UCRT

Version: 0.4.2
Check: PDF version of manual without hyperrefs or index
Result: ERROR
    Re-running with no redirection of stdout/stderr.
Flavor: r-devel-windows-x86_64-gcc10-UCRT