CRAN Package Check Results for Package pacotest

Last updated on 2021-01-16 05:47:14 CET.

Flavor Version Tinstall Tcheck Ttotal Status Flags
r-devel-linux-x86_64-debian-clang 0.4.0 137.45 153.94 291.39 OK
r-devel-linux-x86_64-debian-gcc 0.4.0 93.42 105.27 198.69 OK
r-devel-linux-x86_64-fedora-clang 0.4.0 388.48 NOTE
r-devel-linux-x86_64-fedora-gcc 0.4.0 355.23 OK
r-devel-windows-ix86+x86_64 0.4.0 224.00 335.00 559.00 OK
r-patched-linux-x86_64 0.4.0 109.38 144.92 254.30 OK
r-patched-solaris-x86 0.4.0 410.80 OK
r-release-linux-x86_64 0.4.0 112.99 144.18 257.17 OK
r-release-macos-x86_64 0.4.0 NOTE
r-release-windows-ix86+x86_64 0.4.0 249.00 326.00 575.00 OK
r-oldrel-macos-x86_64 0.4.0 NOTE
r-oldrel-windows-ix86+x86_64 0.4.0 283.00 294.00 577.00 OK

Check Details

Version: 0.4.0
Check: installed package size
Result: NOTE
     installed size is 7.0Mb
     sub-directories of 1Mb or more:
     libs 6.7Mb
Flavors: r-devel-linux-x86_64-fedora-clang, r-release-macos-x86_64, r-oldrel-macos-x86_64