CRAN Package Check Results for Package padr

Last updated on 2021-06-18 05:48:53 CEST.

Flavor Version Tinstall Tcheck Ttotal Status Flags
r-devel-linux-x86_64-debian-clang 0.5.3 47.47 73.93 121.40 OK
r-devel-linux-x86_64-debian-gcc 0.5.3 26.67 56.34 83.01 OK
r-devel-linux-x86_64-fedora-clang 0.5.3 159.91 OK
r-devel-linux-x86_64-fedora-gcc 0.5.3 137.36 OK
r-devel-windows-x86_64 0.5.3 56.00 100.00 156.00 OK
r-devel-windows-x86_64-gcc10-UCRT 0.5.3 OK
r-patched-linux-x86_64 0.5.3 33.13 71.60 104.73 OK
r-patched-solaris-x86 0.5.3 164.80 OK
r-release-linux-x86_64 0.5.3 30.83 70.23 101.06 OK
r-release-macos-arm64 0.5.3 ERROR
r-release-macos-x86_64 0.5.3 OK
r-release-windows-ix86+x86_64 0.5.3 95.00 134.00 229.00 NOTE
r-oldrel-macos-x86_64 0.5.3 OK
r-oldrel-windows-ix86+x86_64 0.5.3 72.00 121.00 193.00 NOTE

Check Details

Version: 0.5.3
Check: tests
Result: ERROR
     Running ‘testthat.R’ [4s/5s]
    Running the tests in ‘tests/testthat.R’ failed.
    Last 13 lines of output:
     >
     > test_check("padr")
     ══ Failed tests ════════════════════════════════════════════════════════════════
     ── Failure (test_span.R:96:3): assure_greater_than_max_x works properly ────────
     assure_greater_than_max_x(max_x_date, end_val_posix, "day") not equal to as.POSIXct("2016-10-21 14:39:04").
     1/1 mismatches
     [1] 2016-10-21 15:39:04 - 2016-10-21 14:39:04 == 1 hours
     ── Failure (test_span.R:98:3): assure_greater_than_max_x works properly ────────
     assure_greater_than_max_x(max_x_posix, end_val_posix, "day") not equal to as.POSIXct("2016-10-21 14:39:04").
     1/1 mismatches
     [1] 2016-10-21 15:39:04 - 2016-10-21 14:39:04 == 1 hours
    
     [ FAIL 2 | WARN 1 | SKIP 0 | PASS 604 ]
     Error: Test failures
     Execution halted
Flavor: r-release-macos-arm64

Version: 0.5.3
Check: installed package size
Result: NOTE
     installed size is 5.2Mb
     sub-directories of 1Mb or more:
     data 1.7Mb
     doc 1.3Mb
     libs 2.0Mb
Flavors: r-release-windows-ix86+x86_64, r-oldrel-windows-ix86+x86_64