CRAN Package Check Results for Package palasso

Last updated on 2022-01-23 05:57:59 CET.

Flavor Version Tinstall Tcheck Ttotal Status Flags
r-devel-linux-x86_64-debian-clang 0.0.8 5.37 72.52 77.89 NOTE
r-devel-linux-x86_64-debian-gcc 0.0.8 6.78 60.88 67.66 NOTE
r-devel-linux-x86_64-fedora-clang 0.0.8 96.10 NOTE
r-devel-linux-x86_64-fedora-gcc 0.0.8 92.58 NOTE
r-devel-windows-x86_64-new-UL 0.0.8 26.00 96.00 122.00 NOTE
r-devel-windows-x86_64-new-TK 0.0.8 NOTE
r-patched-linux-x86_64 0.0.8 8.50 69.27 77.77 NOTE
r-release-linux-x86_64 0.0.8 6.36 69.30 75.66 NOTE
r-release-macos-arm64 0.0.8 NOTE
r-release-macos-x86_64 0.0.8 NOTE
r-release-windows-ix86+x86_64 0.0.8 15.00 83.00 98.00 NOTE
r-oldrel-macos-x86_64 0.0.8 NOTE
r-oldrel-windows-ix86+x86_64 0.0.8 15.00 81.00 96.00 NOTE

Check Details

Version: 0.0.8
Check: package dependencies
Result: NOTE
    Package which this enhances but not available for checking: 'CorShrink'
Flavors: r-devel-linux-x86_64-debian-clang, r-devel-linux-x86_64-debian-gcc, r-devel-linux-x86_64-fedora-clang, r-devel-linux-x86_64-fedora-gcc, r-devel-windows-x86_64-new-UL, r-devel-windows-x86_64-new-TK, r-patched-linux-x86_64, r-release-linux-x86_64, r-release-macos-x86_64, r-release-windows-ix86+x86_64, r-oldrel-macos-x86_64, r-oldrel-windows-ix86+x86_64

Version: 0.0.8
Check: package dependencies
Result: NOTE
    Packages which this enhances but not available for checking:
     'CorShrink', 'edgeR'
Flavor: r-release-macos-arm64