CRAN Package Check Results for Package paleotree

Last updated on 2021-12-05 05:52:54 CET.

Flavor Version Tinstall Tcheck Ttotal Status Flags
r-devel-linux-x86_64-debian-clang 3.3.25 26.93 431.12 458.05 OK
r-devel-linux-x86_64-debian-gcc 3.3.25 22.41 298.69 321.10 OK
r-devel-linux-x86_64-fedora-clang 3.3.25 531.02 NOTE
r-devel-linux-x86_64-fedora-gcc 3.3.25 512.85 NOTE
r-devel-windows-x86_64-new-UL 3.3.25 49.00 445.00 494.00 OK
r-devel-windows-x86_64-new-TK 3.3.25 NOTE
r-devel-windows-x86_64-old 3.3.25 39.00 344.00 383.00 OK
r-patched-linux-x86_64 3.3.25 32.60 390.59 423.19 OK
r-release-linux-x86_64 3.3.25 23.77 399.12 422.89 OK
r-release-macos-arm64 3.3.25 NOTE
r-release-macos-x86_64 3.3.25 NOTE
r-release-windows-ix86+x86_64 3.3.25 48.00 478.00 526.00 OK
r-oldrel-macos-x86_64 3.3.25 NOTE
r-oldrel-windows-ix86+x86_64 3.3.25 47.00 465.00 512.00 OK

Check Details

Version: 3.3.25
Check: data for non-ASCII characters
Result: NOTE
     Note: found 9 marked UTF-8 strings
Flavors: r-devel-linux-x86_64-fedora-clang, r-devel-linux-x86_64-fedora-gcc, r-devel-windows-x86_64-new-TK, r-release-macos-arm64, r-release-macos-x86_64, r-oldrel-macos-x86_64