CRAN Package Check Results for Package pamr

Last updated on 2019-10-15 05:47:53 CEST.

Flavor Version Tinstall Tcheck Ttotal Status Flags
r-devel-linux-x86_64-debian-clang 1.56.1 8.87 65.22 74.09 OK
r-devel-linux-x86_64-debian-gcc 1.56.1 7.88 52.01 59.89 OK
r-devel-linux-x86_64-fedora-clang 1.56.1 90.05 NOTE
r-devel-linux-x86_64-fedora-gcc 1.56.1 87.62 NOTE
r-devel-windows-ix86+x86_64 1.56.1 17.00 131.00 148.00 OK
r-patched-linux-x86_64 1.56.1 7.73 62.90 70.63 OK
r-patched-solaris-x86 1.56.1 131.40 OK
r-release-linux-x86_64 1.56.1 9.18 63.82 73.00 OK
r-release-windows-ix86+x86_64 1.56.1 22.00 105.00 127.00 OK
r-release-osx-x86_64 1.56.1 OK
r-oldrel-windows-ix86+x86_64 1.56.1 12.00 126.00 138.00 OK
r-oldrel-osx-x86_64 1.56.1 OK

Check Details

Version: 1.56.1
Check: compiled code
Result: NOTE
    File ‘pamr/libs/pamr.so’:
     Found no calls to: ‘R_registerRoutines’, ‘R_useDynamicSymbols’
    
    It is good practice to register native routines and to disable symbol
    search.
    
    See ‘Writing portable packages’ in the ‘Writing R Extensions’ manual.
Flavors: r-devel-linux-x86_64-fedora-clang, r-devel-linux-x86_64-fedora-gcc