CRAN Package Check Results for Package parallelMap

Last updated on 2020-06-04 05:49:09 CEST.

Flavor Version Tinstall Tcheck Ttotal Status Flags
r-devel-linux-x86_64-debian-clang 1.5.0 3.08 58.10 61.18 OK
r-devel-linux-x86_64-debian-gcc 1.5.0 2.42 47.87 50.29 OK
r-devel-linux-x86_64-fedora-clang 1.5.0 73.19 OK
r-devel-linux-x86_64-fedora-gcc 1.5.0 64.92 OK
r-devel-windows-ix86+x86_64 1.5.0 9.00 99.00 108.00 OK
r-patched-linux-x86_64 1.5.0 2.84 57.27 60.11 OK
r-patched-solaris-x86 1.5.0 113.00 OK
r-release-linux-x86_64 1.5.0 2.47 54.07 56.54 OK
r-release-osx-x86_64 1.5.0 NOTE
r-release-windows-ix86+x86_64 1.5.0 7.00 97.00 104.00 OK
r-oldrel-osx-x86_64 1.5.0 NOTE
r-oldrel-windows-ix86+x86_64 1.5.0 8.00 73.00 81.00 OK

Check Details

Version: 1.5.0
Check: package dependencies
Result: NOTE
    Package suggested but not available for checking: ‘Rmpi’
Flavors: r-release-osx-x86_64, r-oldrel-osx-x86_64