CRAN Package Check Results for Package parallelMap

Last updated on 2019-09-19 05:47:24 CEST.

Flavor Version Tinstall Tcheck Ttotal Status Flags
r-devel-linux-x86_64-debian-clang 1.4 3.06 50.16 53.22 OK
r-devel-linux-x86_64-debian-gcc 1.4 2.11 43.54 45.65 OK
r-devel-linux-x86_64-fedora-clang 1.4 59.23 OK
r-devel-linux-x86_64-fedora-gcc 1.4 57.01 OK
r-devel-windows-ix86+x86_64 1.4 9.00 67.00 76.00 OK
r-patched-linux-x86_64 1.4 2.62 47.22 49.84 OK
r-patched-solaris-x86 1.4 98.50 OK
r-release-linux-x86_64 1.4 2.27 48.32 50.59 OK
r-release-windows-ix86+x86_64 1.4 5.00 86.00 91.00 OK
r-release-osx-x86_64 1.4 NOTE
r-oldrel-windows-ix86+x86_64 1.4 4.00 60.00 64.00 OK
r-oldrel-osx-x86_64 1.4 NOTE

Check Details

Version: 1.4
Check: package dependencies
Result: NOTE
    Package suggested but not available for checking: ‘Rmpi’
Flavors: r-release-osx-x86_64, r-oldrel-osx-x86_64

Version: 1.4
Check: Rd cross-references
Result: NOTE
    Package unavailable to check Rd xrefs: ‘Rmpi’
Flavors: r-release-osx-x86_64, r-oldrel-osx-x86_64