CRAN Package Check Results for Package parglm

Last updated on 2019-06-25 05:48:56 CEST.

Flavor Version Tinstall Tcheck Ttotal Status Flags
r-devel-linux-x86_64-debian-clang 0.1.3 73.85 66.81 140.66 OK
r-devel-linux-x86_64-debian-gcc 0.1.3 56.57 54.07 110.64 OK
r-devel-linux-x86_64-fedora-clang 0.1.3 198.14 OK
r-devel-linux-x86_64-fedora-gcc 0.1.3 182.40 OK
r-devel-windows-ix86+x86_64 0.1.3 217.00 122.00 339.00 OK
r-patched-linux-x86_64 0.1.3 68.92 66.05 134.97 OK
r-patched-solaris-x86 0.1.3 204.70 ERROR
r-release-linux-x86_64 0.1.3 73.86 66.45 140.31 OK
r-release-windows-ix86+x86_64 0.1.3 175.00 163.00 338.00 OK
r-release-osx-x86_64 0.1.3 OK
r-oldrel-windows-ix86+x86_64 0.1.3 151.00 107.00 258.00 OK
r-oldrel-osx-x86_64 0.1.3 OK

Check Details

Version: 0.1.3
Check: tests
Result: ERROR
     Running ‘testthat.R’ [0m/180m]
    Running the tests in ‘tests/testthat.R’ failed.
    Complete output:
     > library(testthat)
     > library(parglm)
     >
     > test_check("parglm")
     ── 1. Failure: works with different families (@test_parglm_fams.R#139) ────────
     binomial_probit_LAPACK w/ offset not equal to f2[to_check].
     Component "coefficients": Mean relative difference: 5.20542e-06
     Component "residuals": Mean relative difference: 2.481709e-06
     Component "fitted.values": Mean relative difference: 7.627045e-07
     Component "linear.predictors": Mean relative difference: 2.212965e-06
     Component "iter": Mean relative difference: 0.2857143
    
     ── 2. Failure: works with different families (@test_parglm_fams.R#139) ────────
     binomial_probit_LAPACK w/ offset not equal to s2[!names(s2) %in% excl].
     Component "iter": Mean relative difference: 0.2857143
     Component "deviance.resid": Mean relative difference: 1.821362e-06
    
     ── 3. Failure: works with different families (@test_parglm_fams.R#127) ────────
     binomial_cauchit_LAPACK not equal to f2[to_check].
     Component "coefficients": Mean relative difference: 4.479709e-06
     Component "residuals": Mean relative difference: 2.65157e-06
     Component "fitted.values": Mean relative difference: 8.266734e-07
     Component "linear.predictors": Mean relative difference: 2.917559e-06
    
     ── 4. Failure: works with different families (@test_parglm_fams.R#127) ────────
     binomial_cauchit_LAPACK not equal to s2[!names(s2) %in% excl].
     Component "deviance.resid": Mean relative difference: 1.23799e-06
    
    
     *** caught segfault ***
     address 34a12af4, cause 'memory not mapped'
Flavor: r-patched-solaris-x86