CRAN Package Check Results for Package parglm

Last updated on 2019-09-20 05:47:01 CEST.

Flavor Version Tinstall Tcheck Ttotal Status Flags
r-devel-linux-x86_64-debian-clang 0.1.3 73.67 65.64 139.31 OK
r-devel-linux-x86_64-debian-gcc 0.1.3 59.00 52.47 111.47 OK
r-devel-linux-x86_64-fedora-clang 0.1.3 202.89 OK
r-devel-linux-x86_64-fedora-gcc 0.1.3 197.63 OK
r-devel-windows-ix86+x86_64 0.1.3 218.00 152.00 370.00 OK
r-patched-linux-x86_64 0.1.3 68.47 64.34 132.81 OK
r-patched-solaris-x86 0.1.3 239.00 ERROR
r-release-linux-x86_64 0.1.3 65.55 65.10 130.65 OK
r-release-windows-ix86+x86_64 0.1.3 140.00 119.00 259.00 OK
r-release-osx-x86_64 0.1.3 OK
r-oldrel-windows-ix86+x86_64 0.1.3 143.00 106.00 249.00 OK
r-oldrel-osx-x86_64 0.1.3 OK

Additional issues

LTO OpenBLAS

Check Details

Version: 0.1.3
Check: tests
Result: ERROR
     Running ‘testthat.R’ [0m/180m]
    Running the tests in ‘tests/testthat.R’ failed.
    Complete output:
     > library(testthat)
     > library(parglm)
     >
     > test_check("parglm")
     ── 1. Failure: works with different families (@test_parglm_fams.R#127) ────────
     gaussian_log_LINPACK not equal to f2[to_check].
     Component "iter": Mean relative difference: 0.5714286
    
     ── 2. Failure: works with different families (@test_parglm_fams.R#127) ────────
     gaussian_log_LINPACK not equal to s2[!names(s2) %in% excl].
     Component "iter": Mean relative difference: 0.5714286
    
     ── 3. Failure: works with different families (@test_parglm_fams.R#152) ────────
     gaussian_log_LINPACK w/ weigths not equal to f2[to_check].
     Component "iter": Mean relative difference: 0.5714286
    
     ── 4. Failure: works with different families (@test_parglm_fams.R#152) ────────
     gaussian_log_LINPACK w/ weigths not equal to s2[!names(s2) %in% excl].
     Component "iter": Mean relative difference: 0.5714286
    
     ── 5. Failure: works with different families (@test_parglm_fams.R#152) ────────
     poisson_sqrt_LINPACK w/ weigths not equal to f2[to_check].
     Component "coefficients": Mean relative difference: 6.116759e-07
     Component "residuals": Mean relative difference: 9.678396e-07
     Component "fitted.values": Mean relative difference: 1.382861e-07
     Component "linear.predictors": Mean relative difference: 7.450565e-08
     Component "iter": Mean relative difference: 0.3333333
    
     ── 6. Failure: works with different families (@test_parglm_fams.R#152) ────────
     poisson_sqrt_LINPACK w/ weigths not equal to s2[!names(s2) %in% excl].
     Component "iter": Mean relative difference: 0.3333333
     Component "deviance.resid": Mean relative difference: 9.583019e-07
    
     ── 7. Failure: works with different families w/ starting values (@test_parglm_fa
     binomial_logit_LAPACK w/ offset not equal to f2[to_check].
     Component "coefficients": Mean relative difference: 1.263424e-08
     Component "iter": Mean relative difference: 0.4
    
     ── 8. Failure: works with different families w/ starting values (@test_parglm_fa
     binomial_logit_LAPACK w/ offset not equal to s2[!names(s2) %in% excl].
     Component "iter": Mean relative difference: 0.4
    
     ── 9. Failure: works with different families w/ starting values (@test_parglm_fa
     binomial_log_LAPACK w/ offset not equal to f2[to_check].
     Component "coefficients": Mean relative difference: 8.503445e-05
     Component "residuals": Mean relative difference: 2.306745e-05
     Component "fitted.values": Mean relative difference: 8.485985e-06
     Component "linear.predictors": Mean relative difference: 1.709166e-05
    
     ── 10. Failure: works with different families w/ starting values (@test_parglm_f
     binomial_log_LAPACK w/ offset not equal to s2[!names(s2) %in% excl].
     Component "deviance.resid": Mean relative difference: 8.081847e-06
    
     ── 11. Failure: works with different families w/ starting values (@test_parglm_f
     Gamma_identity_LAPACK w/ weigths not equal to f2[to_check].
     Component "coefficients": Mean relative difference: 1.40129e-05
     Component "residuals": Mean relative difference: 2.802016e-06
     Component "fitted.values": Mean relative difference: 8.814727e-07
     Component "linear.predictors": Mean relative difference: 8.814727e-07
     Component "iter": Mean relative difference: 0.2
    
     ── 12. Failure: works with different families w/ starting values (@test_parglm_f
     Gamma_identity_LAPACK w/ weigths not equal to s2[!names(s2) %in% excl].
     Component "iter": Mean relative difference: 0.2
     Component "deviance.resid": Mean relative difference: 2.686511e-06
    
     ── 13. Failure: works with different families w/ starting values (@test_parglm_f
     poisson_sqrt_LAPACK not equal to f2[to_check].
     Component "coefficients": Mean relative difference: 6.584637e-08
     Component "residuals": Mean relative difference: 1.088607e-07
     Component "fitted.values": Mean relative difference: 1.548334e-08
     Component "iter": Mean relative difference: 0.4
    
     ── 14. Failure: works with different families w/ starting values (@test_parglm_f
     poisson_sqrt_LAPACK not equal to s2[!names(s2) %in% excl].
     Component "iter": Mean relative difference: 0.4
     Component "deviance.resid": Mean relative difference: 1.081101e-07
    
    
     *** caught segfault ***
     address ce10febe, cause 'memory not mapped'
Flavor: r-patched-solaris-x86