CRAN Package Check Results for Package partition

Last updated on 2022-01-19 05:48:34 CET.

Flavor Version Tinstall Tcheck Ttotal Status Flags
r-devel-linux-x86_64-debian-clang 0.1.4 102.35 298.62 400.97 OK
r-devel-linux-x86_64-debian-gcc 0.1.4 80.22 218.31 298.53 OK
r-devel-linux-x86_64-fedora-clang 0.1.4 520.36 NOTE
r-devel-linux-x86_64-fedora-gcc 0.1.4 530.99 OK
r-devel-windows-x86_64-new-UL 0.1.4 232.00 353.00 585.00 OK
r-devel-windows-x86_64-new-TK 0.1.4 OK
r-patched-linux-x86_64 0.1.4 95.52 289.42 384.94 OK
r-release-linux-x86_64 0.1.4 OK
r-release-macos-arm64 0.1.4 NOTE
r-release-macos-x86_64 0.1.4 NOTE
r-release-windows-ix86+x86_64 0.1.4 256.00 446.00 702.00 NOTE
r-oldrel-macos-x86_64 0.1.4 NOTE
r-oldrel-windows-ix86+x86_64 0.1.4 257.00 468.00 725.00 NOTE

Check Details

Version: 0.1.4
Check: installed package size
Result: NOTE
     installed size is 6.0Mb
     sub-directories of 1Mb or more:
     doc 1.2Mb
     libs 3.6Mb
Flavors: r-devel-linux-x86_64-fedora-clang, r-release-macos-arm64, r-release-macos-x86_64, r-release-windows-ix86+x86_64, r-oldrel-macos-x86_64, r-oldrel-windows-ix86+x86_64