CRAN Package Check Results for Package parviol

Last updated on 2022-01-20 05:50:30 CET.

Flavor Version Tinstall Tcheck Ttotal Status Flags
r-devel-linux-x86_64-debian-clang 1.1 NOTE
r-devel-linux-x86_64-debian-gcc 1.1 1.61 24.86 26.47 NOTE
r-devel-linux-x86_64-fedora-clang 1.1 41.70 NOTE
r-devel-linux-x86_64-fedora-gcc 1.1 33.69 NOTE
r-devel-windows-x86_64-new-UL 1.1 14.00 52.00 66.00 NOTE
r-devel-windows-x86_64-new-TK 1.1 NOTE
r-patched-linux-x86_64 1.1 1.87 30.26 32.13 NOTE
r-release-linux-x86_64 1.1 NOTE
r-release-macos-arm64 1.1 NOTE
r-release-macos-x86_64 1.1 NOTE
r-release-windows-ix86+x86_64 1.1 6.00 40.00 46.00 NOTE
r-oldrel-macos-x86_64 1.1 NOTE
r-oldrel-windows-ix86+x86_64 1.1 6.00 40.00 46.00 NOTE

Check Details

Version: 1.1
Check: DESCRIPTION meta-information
Result: NOTE
    Malformed Description field: should contain one or more complete sentences.
Flavors: r-devel-linux-x86_64-debian-clang, r-devel-linux-x86_64-debian-gcc, r-devel-linux-x86_64-fedora-clang, r-devel-linux-x86_64-fedora-gcc, r-devel-windows-x86_64-new-UL, r-devel-windows-x86_64-new-TK, r-patched-linux-x86_64, r-release-linux-x86_64, r-release-macos-arm64, r-release-macos-x86_64, r-release-windows-ix86+x86_64, r-oldrel-macos-x86_64, r-oldrel-windows-ix86+x86_64

Version: 1.1
Check: R code for possible problems
Result: NOTE
    parviol: no visible global function definition for 'plot.new'
    parviol: no visible global function definition for 'plot.window'
    parviol: no visible global function definition for 'title'
    parviol: no visible global function definition for 'lines'
    parviol: no visible global function definition for 'text'
    parviol: no visible global function definition for 'rgb'
    selecto: no visible global function definition for 'lines'
    Undefined global functions or variables:
     lines plot.new plot.window rgb text title
    Consider adding
     importFrom("grDevices", "rgb")
     importFrom("graphics", "lines", "plot.new", "plot.window", "text",
     "title")
    to your NAMESPACE file.
Flavors: r-devel-linux-x86_64-debian-clang, r-devel-linux-x86_64-debian-gcc, r-devel-linux-x86_64-fedora-clang, r-devel-linux-x86_64-fedora-gcc, r-devel-windows-x86_64-new-UL, r-devel-windows-x86_64-new-TK, r-patched-linux-x86_64, r-release-linux-x86_64, r-release-macos-arm64, r-release-macos-x86_64, r-release-windows-ix86+x86_64, r-oldrel-macos-x86_64, r-oldrel-windows-ix86+x86_64