CRAN Package Check Results for Package patPRO

Last updated on 2021-11-29 05:49:53 CET.

Flavor Version Tinstall Tcheck Ttotal Status Flags
r-devel-linux-x86_64-debian-clang 1.1.0 NOTE
r-devel-linux-x86_64-debian-gcc 1.1.0 3.62 42.88 46.50 NOTE
r-devel-linux-x86_64-fedora-clang 1.1.0 87.27 NOTE
r-devel-linux-x86_64-fedora-gcc 1.1.0 72.90 NOTE
r-devel-windows-x86_64-new-UL 1.1.0 13.00 95.00 108.00 NOTE
r-devel-windows-x86_64-new-TK 1.1.0 NOTE
r-devel-windows-x86_64-old 1.1.0 9.00 89.00 98.00 NOTE
r-patched-linux-x86_64 1.1.0 5.81 52.10 57.91 NOTE
r-patched-solaris-x86 1.1.0 108.70 NOTE
r-release-linux-x86_64 1.1.0 5.71 53.14 58.85 NOTE
r-release-macos-arm64 1.1.0 NOTE
r-release-macos-x86_64 1.1.0 NOTE
r-release-windows-ix86+x86_64 1.1.0 15.00 56.00 71.00 NOTE
r-oldrel-macos-x86_64 1.1.0 NOTE
r-oldrel-windows-ix86+x86_64 1.1.0 28.00 81.00 109.00 NOTE

Check Details

Version: 1.1.0
Check: DESCRIPTION meta-information
Result: NOTE
    Checking should be performed on sources prepared by 'R CMD build'.
Flavors: r-devel-linux-x86_64-debian-clang, r-devel-linux-x86_64-debian-gcc, r-devel-linux-x86_64-fedora-clang, r-devel-linux-x86_64-fedora-gcc, r-devel-windows-x86_64-new-UL, r-devel-windows-x86_64-new-TK, r-devel-windows-x86_64-old, r-patched-linux-x86_64, r-patched-solaris-x86, r-release-linux-x86_64, r-release-macos-arm64, r-release-macos-x86_64, r-release-windows-ix86+x86_64, r-oldrel-macos-x86_64, r-oldrel-windows-ix86+x86_64