CRAN Package Check Results for Package pathfindR

Last updated on 2019-08-22 05:47:06 CEST.

Flavor Version Tinstall Tcheck Ttotal Status Flags
r-devel-linux-x86_64-debian-clang 1.3.0 23.49 390.52 414.01 OK
r-devel-linux-x86_64-debian-gcc 1.3.0 22.70 300.15 322.85 OK
r-devel-linux-x86_64-fedora-clang 1.3.0 494.02 NOTE
r-devel-linux-x86_64-fedora-gcc 1.3.0 481.56 NOTE
r-devel-windows-ix86+x86_64 1.3.0 338.00 951.00 1289.00 NOTE
r-patched-linux-x86_64 1.3.0 20.44 370.29 390.73 OK
r-patched-solaris-x86 1.3.0 670.90 NOTE
r-release-linux-x86_64 1.3.0 23.23 371.00 394.23 OK
r-release-windows-ix86+x86_64 1.3.0 390.00 1194.00 1584.00 NOTE
r-release-osx-x86_64 1.3.0 ERROR
r-oldrel-windows-ix86+x86_64 1.3.0 161.00 1058.00 1219.00 NOTE
r-oldrel-osx-x86_64 1.3.0 ERROR

Check Details

Version: 1.3.0
Check: installed package size
Result: NOTE
     installed size is 13.7Mb
     sub-directories of 1Mb or more:
     data 2.6Mb
     doc 1.3Mb
     extdata 9.5Mb
Flavors: r-devel-linux-x86_64-fedora-clang, r-devel-windows-ix86+x86_64, r-patched-solaris-x86, r-release-windows-ix86+x86_64, r-oldrel-windows-ix86+x86_64

Version: 1.3.0
Check: dependencies in R code
Result: NOTE
    Namespace in Imports field not imported from: ‘AnnotationDbi’
     All declared Imports should be used.
Flavors: r-devel-linux-x86_64-fedora-clang, r-devel-linux-x86_64-fedora-gcc, r-patched-solaris-x86

Version: 1.3.0
Check: package dependencies
Result: ERROR
    Packages required but not available:
     'pathview', 'AnnotationDbi', 'org.Hs.eg.db'
    
    See section ‘The DESCRIPTION file’ in the ‘Writing R Extensions’
    manual.
Flavor: r-release-osx-x86_64

Version: 1.3.0
Check: package dependencies
Result: ERROR
    Package required but not available: ‘pathview’
    
    See section ‘The DESCRIPTION file’ in the ‘Writing R Extensions’
    manual.
Flavor: r-oldrel-osx-x86_64