CRAN Package Check Results for Package patternize

Last updated on 2020-02-27 05:48:54 CET.

Flavor Version Tinstall Tcheck Ttotal Status Flags
r-devel-linux-x86_64-debian-clang 0.0.2 22.78 178.63 201.41 OK
r-devel-linux-x86_64-debian-gcc 0.0.2 19.70 136.79 156.49 OK
r-devel-linux-x86_64-fedora-clang 0.0.2 240.02 OK
r-devel-linux-x86_64-fedora-gcc 0.0.2 237.62 OK
r-devel-windows-ix86+x86_64 0.0.2 43.00 181.00 224.00 OK
r-devel-windows-ix86+x86_64-gcc8 0.0.2 48.00 177.00 225.00 OK
r-patched-linux-x86_64 0.0.2 18.80 158.05 176.85 OK
r-patched-solaris-x86 0.0.2 351.20 OK
r-release-linux-x86_64 0.0.2 17.79 158.24 176.03 OK
r-release-windows-ix86+x86_64 0.0.2 30.00 153.00 183.00 OK
r-release-osx-x86_64 0.0.2 WARN
r-oldrel-windows-ix86+x86_64 0.0.2 23.00 144.00 167.00 OK
r-oldrel-osx-x86_64 0.0.2 OK

Check Details

Version: 0.0.2
Check: whether package can be installed
Result: WARN
    Found the following significant warnings:
     Warning: 'rgl_init' failed, running with rgl.useNULL = TRUE
Flavor: r-release-osx-x86_64