CRAN Package Check Results for Package paws.security.identity

Last updated on 2022-01-22 05:10:25 CET.

Flavor Version Tinstall Tcheck Ttotal Status Flags
r-devel-linux-x86_64-debian-clang 0.1.12 78.05 152.22 230.27 OK
r-devel-linux-x86_64-debian-gcc 0.1.12 60.42 111.50 171.92 OK
r-devel-linux-x86_64-fedora-clang 0.1.12 276.03 OK
r-devel-linux-x86_64-fedora-gcc 0.1.12 271.38 OK
r-devel-windows-x86_64-new-UL 0.1.12 9113.00 315.00 9428.00 OK
r-devel-windows-x86_64-new-TK 0.1.12 OK
r-patched-linux-x86_64 0.1.12 86.49 148.92 235.41 OK
r-release-linux-x86_64 0.1.12 66.69 149.31 216.00 OK
r-release-macos-arm64 0.1.12 NOTE
r-release-macos-x86_64 0.1.12 OK
r-release-windows-ix86+x86_64 0.1.12 112.00 174.00 286.00 OK
r-oldrel-macos-x86_64 0.1.12 OK
r-oldrel-windows-ix86+x86_64 0.1.12 113.00 173.00 286.00 OK

Check Details

Version: 0.1.12
Check: installed package size
Result: NOTE
     installed size is 5.6Mb
     sub-directories of 1Mb or more:
     R 2.0Mb
     help 3.5Mb
Flavor: r-release-macos-arm64