CRAN Package Check Results for Package pbapply

Last updated on 2020-06-01 05:48:21 CEST.

Flavor Version Tinstall Tcheck Ttotal Status Flags
r-devel-linux-x86_64-debian-clang 1.4-2 1.74 38.68 40.42 OK
r-devel-linux-x86_64-debian-gcc 1.4-2 1.96 30.64 32.60 OK
r-devel-linux-x86_64-fedora-clang 1.4-2 58.38 OK
r-devel-linux-x86_64-fedora-gcc 1.4-2 49.48 OK
r-devel-windows-ix86+x86_64 1.4-2 13.00 74.00 87.00 OK
r-patched-linux-x86_64 1.4-2 1.84 38.44 40.28 OK
r-patched-solaris-x86 1.4-2 85.10 OK
r-release-linux-x86_64 1.4-2 1.69 38.54 40.23 OK
r-release-osx-x86_64 1.4-2 OK
r-release-windows-ix86+x86_64 1.4-2 10.00 88.00 98.00 OK
r-oldrel-osx-x86_64 1.4-2 NOTE
r-oldrel-windows-ix86+x86_64 1.4-2 6.00 72.00 78.00 OK

Check Details

Version: 1.4-2
Check: dependencies in R code
Result: NOTE
    No protocol specified
    No protocol specified
Flavor: r-oldrel-osx-x86_64