CRAN Package Check Results for Package pbapply

Last updated on 2019-11-17 05:47:18 CET.

Flavor Version Tinstall Tcheck Ttotal Status Flags
r-devel-linux-x86_64-debian-clang 1.4-2 2.38 36.16 38.54 OK
r-devel-linux-x86_64-debian-gcc 1.4-2 1.60 28.26 29.86 OK
r-devel-linux-x86_64-fedora-clang 1.4-2 46.15 OK
r-devel-linux-x86_64-fedora-gcc 1.4-2 46.01 OK
r-devel-windows-ix86+x86_64 1.4-2 8.00 75.00 83.00 OK
r-patched-linux-x86_64 1.4-2 1.35 34.81 36.16 OK
r-patched-solaris-x86 1.4-2 79.50 OK
r-release-linux-x86_64 1.4-2 1.35 35.34 36.69 OK
r-release-windows-ix86+x86_64 1.4-2 6.00 72.00 78.00 OK
r-release-osx-x86_64 1.4-2 NOTE
r-oldrel-windows-ix86+x86_64 1.4-2 3.00 70.00 73.00 OK
r-oldrel-osx-x86_64 1.4-2 NOTE

Check Details

Version: 1.4-2
Check: dependencies in R code
Result: NOTE
    No protocol specified
    No protocol specified
Flavors: r-release-osx-x86_64, r-oldrel-osx-x86_64