CRAN Package Check Results for Package pbmcapply

Last updated on 2021-12-06 05:53:17 CET.

Flavor Version Tinstall Tcheck Ttotal Status Flags
r-devel-linux-x86_64-debian-clang 1.5.0 2.58 29.58 32.16 NOTE
r-devel-linux-x86_64-debian-gcc 1.5.0 2.20 23.79 25.99 NOTE
r-devel-linux-x86_64-fedora-clang 1.5.0 41.47 NOTE
r-devel-linux-x86_64-fedora-gcc 1.5.0 30.22 NOTE
r-devel-windows-x86_64-new-UL 1.5.0 9.00 63.00 72.00 NOTE
r-devel-windows-x86_64-new-TK 1.5.0 NOTE
r-devel-windows-x86_64-old 1.5.0 6.00 34.00 40.00 NOTE
r-patched-linux-x86_64 1.5.0 2.78 21.25 24.03 NOTE
r-release-linux-x86_64 1.5.0 2.45 28.77 31.22 NOTE
r-release-macos-arm64 1.5.0 NOTE
r-release-macos-x86_64 1.5.0 NOTE
r-release-windows-ix86+x86_64 1.5.0 9.00 44.00 53.00 NOTE
r-oldrel-macos-x86_64 1.5.0 OK
r-oldrel-windows-ix86+x86_64 1.5.0 7.00 41.00 48.00 OK

Check Details

Version: 1.5.0
Check: LazyData
Result: NOTE
     'LazyData' is specified without a 'data' directory
Flavors: r-devel-linux-x86_64-debian-clang, r-devel-linux-x86_64-debian-gcc, r-devel-linux-x86_64-fedora-clang, r-devel-linux-x86_64-fedora-gcc, r-devel-windows-x86_64-new-UL, r-devel-windows-x86_64-new-TK, r-devel-windows-x86_64-old, r-patched-linux-x86_64, r-release-linux-x86_64, r-release-macos-arm64, r-release-macos-x86_64, r-release-windows-ix86+x86_64