Last updated on 2023-10-01 06:53:15 CEST.
Flavor | Version | Tinstall | Tcheck | Ttotal | Status | Flags |
---|---|---|---|---|---|---|
r-devel-linux-x86_64-debian-clang | 1.3.5 | 3.34 | 37.31 | 40.65 | OK | |
r-devel-linux-x86_64-debian-gcc | 1.3.5 | 3.13 | 28.99 | 32.12 | OK | |
r-devel-linux-x86_64-fedora-clang | 1.3.5 | 49.83 | OK | |||
r-devel-linux-x86_64-fedora-gcc | 1.3.5 | 66.01 | OK | |||
r-devel-windows-x86_64 | 1.3.5 | 4.00 | 51.00 | 55.00 | OK | |
r-patched-linux-x86_64 | 1.3.5 | 3.53 | 36.20 | 39.73 | OK | |
r-release-linux-x86_64 | 1.3.5 | 3.46 | 36.16 | 39.62 | OK | |
r-release-macos-arm64 | 1.3.5 | 28.00 | OK | |||
r-release-macos-x86_64 | 1.3.5 | 38.00 | NOTE | |||
r-release-windows-x86_64 | 1.3.5 | 7.00 | 55.00 | 62.00 | OK | |
r-oldrel-macos-arm64 | 1.3.5 | 51.00 | OK | |||
r-oldrel-macos-x86_64 | 1.3.5 | 29.00 | OK | |||
r-oldrel-windows-x86_64 | 1.3.5 | 6.00 | 58.00 | 64.00 | OK |
Version: 1.3.5
Check: package dependencies
Result: NOTE
Package suggested but not available for checking: ‘PerformanceAnalytics’
Flavor: r-release-macos-x86_64