CRAN Package Check Results for Package pcaBootPlot

Last updated on 2021-11-29 05:49:53 CET.

Flavor Version Tinstall Tcheck Ttotal Status Flags
r-devel-linux-x86_64-debian-clang 0.2.0 NOTE
r-devel-linux-x86_64-debian-gcc 0.2.0 1.77 21.20 22.97 NOTE
r-devel-linux-x86_64-fedora-clang 0.2.0 46.96 NOTE
r-devel-linux-x86_64-fedora-gcc 0.2.0 35.37 NOTE
r-devel-windows-x86_64-new-UL 0.2.0 8.00 64.00 72.00 NOTE
r-devel-windows-x86_64-new-TK 0.2.0 NOTE
r-devel-windows-x86_64-old 0.2.0 5.00 48.00 53.00 NOTE
r-patched-linux-x86_64 0.2.0 2.66 24.54 27.20 NOTE
r-patched-solaris-x86 0.2.0 54.20 NOTE
r-release-linux-x86_64 0.2.0 2.22 24.76 26.98 NOTE
r-release-macos-arm64 0.2.0 NOTE
r-release-macos-x86_64 0.2.0 NOTE
r-release-windows-ix86+x86_64 0.2.0 8.00 31.00 39.00 NOTE
r-oldrel-macos-x86_64 0.2.0 NOTE
r-oldrel-windows-ix86+x86_64 0.2.0 8.00 44.00 52.00 NOTE

Check Details

Version: 0.2.0
Check: R code for possible problems
Result: NOTE
    draw.pcaBootPlot: no visible global function definition for 'grid'
    draw.pcaBootPlot: no visible global function definition for 'points'
    draw.pcaBootPlot: no visible global function definition for 'symbols'
    draw.pcaBootPlot: no visible global function definition for 'legend'
    pcaBootPlot: no visible global function definition for 'prcomp'
    pcaBootPlot: no visible global function definition for 'cor'
    pcaBootPlot: no visible global function definition for 'quantile'
    pcaBootPlot: no visible global function definition for 'pdf'
    pcaBootPlot: no visible global function definition for 'dev.off'
    Undefined global functions or variables:
     cor dev.off grid legend pdf points prcomp quantile symbols
    Consider adding
     importFrom("grDevices", "dev.off", "pdf")
     importFrom("graphics", "grid", "legend", "points", "symbols")
     importFrom("stats", "cor", "prcomp", "quantile")
    to your NAMESPACE file.
Flavors: r-devel-linux-x86_64-debian-clang, r-devel-linux-x86_64-debian-gcc, r-devel-linux-x86_64-fedora-clang, r-devel-linux-x86_64-fedora-gcc, r-devel-windows-x86_64-new-UL, r-devel-windows-x86_64-new-TK, r-devel-windows-x86_64-old, r-patched-linux-x86_64, r-patched-solaris-x86, r-release-linux-x86_64, r-release-macos-arm64, r-release-macos-x86_64, r-release-windows-ix86+x86_64, r-oldrel-macos-x86_64, r-oldrel-windows-ix86+x86_64

Version: 0.2.0
Check: LazyData
Result: NOTE
     'LazyData' is specified without a 'data' directory
Flavors: r-devel-linux-x86_64-debian-clang, r-devel-linux-x86_64-debian-gcc, r-devel-linux-x86_64-fedora-clang, r-devel-linux-x86_64-fedora-gcc, r-devel-windows-x86_64-new-UL, r-devel-windows-x86_64-new-TK, r-devel-windows-x86_64-old, r-patched-linux-x86_64, r-patched-solaris-x86, r-release-linux-x86_64, r-release-macos-arm64, r-release-macos-x86_64, r-release-windows-ix86+x86_64