CRAN Package Check Results for Package pcadapt

Last updated on 2021-06-18 05:48:54 CEST.

Flavor Version Tinstall Tcheck Ttotal Status Flags
r-devel-linux-x86_64-debian-clang 4.3.3 104.12 56.31 160.43 NOTE
r-devel-linux-x86_64-debian-gcc 4.3.3 62.38 41.79 104.17 NOTE
r-devel-linux-x86_64-fedora-clang 4.3.3 222.11 NOTE
r-devel-linux-x86_64-fedora-gcc 4.3.3 182.33 NOTE
r-devel-windows-x86_64 4.3.3 145.00 82.00 227.00 NOTE
r-devel-windows-x86_64-gcc10-UCRT 4.3.3 NOTE
r-patched-linux-x86_64 4.3.3 70.62 51.58 122.20 NOTE
r-patched-solaris-x86 4.3.3 193.30 NOTE
r-release-linux-x86_64 4.3.3 80.08 52.29 132.37 NOTE
r-release-macos-arm64 4.3.3 NOTE
r-release-macos-x86_64 4.3.3 NOTE
r-release-windows-ix86+x86_64 4.3.3 264.00 105.00 369.00 NOTE
r-oldrel-macos-x86_64 4.3.3 NOTE
r-oldrel-windows-ix86+x86_64 4.3.3 207.00 111.00 318.00 NOTE

Check Details

Version: 4.3.3
Check: LazyData
Result: NOTE
     'LazyData' is specified without a 'data' directory
Flavors: r-devel-linux-x86_64-debian-clang, r-devel-linux-x86_64-debian-gcc, r-devel-linux-x86_64-fedora-clang, r-devel-linux-x86_64-fedora-gcc, r-devel-windows-x86_64, r-devel-windows-x86_64-gcc10-UCRT, r-patched-linux-x86_64, r-patched-solaris-x86, r-release-linux-x86_64, r-release-macos-arm64, r-release-macos-x86_64, r-release-windows-ix86+x86_64

Version: 4.3.3
Check: installed package size
Result: NOTE
     installed size is 6.3Mb
     sub-directories of 1Mb or more:
     extdata 2.7Mb
     libs 2.8Mb
Flavors: r-devel-linux-x86_64-fedora-clang, r-release-macos-arm64, r-release-macos-x86_64, r-release-windows-ix86+x86_64, r-oldrel-macos-x86_64, r-oldrel-windows-ix86+x86_64

Version: 4.3.3
Check: package dependencies
Result: NOTE
    Package suggested but not available for checking: ‘vcfR’
Flavor: r-oldrel-macos-x86_64