CRAN Package Check Results for Package pdc

Last updated on 2021-11-27 05:49:45 CET.

Flavor Version Tinstall Tcheck Ttotal Status Flags
r-devel-linux-x86_64-debian-clang 1.0.3 OK
r-devel-linux-x86_64-debian-gcc 1.0.3 21.77 22.96 44.73 OK
r-devel-linux-x86_64-fedora-clang 1.0.3 60.77 NOTE
r-devel-linux-x86_64-fedora-gcc 1.0.3 56.30 NOTE
r-devel-windows-x86_64-new-UL 1.0.3 31.00 67.00 98.00 OK
r-devel-windows-x86_64-new-TK 1.0.3 OK
r-devel-windows-x86_64-old 1.0.3 14.00 50.00 64.00 OK
r-patched-linux-x86_64 1.0.3 13.03 28.01 41.04 OK
r-patched-solaris-x86 1.0.3 78.10 OK
r-release-linux-x86_64 1.0.3 OK
r-release-macos-arm64 1.0.3 OK
r-release-macos-x86_64 1.0.3 OK
r-release-windows-ix86+x86_64 1.0.3 36.00 48.00 84.00 OK
r-oldrel-macos-x86_64 1.0.3 OK
r-oldrel-windows-ix86+x86_64 1.0.3 24.00 59.00 83.00 OK

Check Details

Version: 1.0.3
Check: compiled code
Result: NOTE
    File ‘pdc/libs/pdc.so’:
     Found no calls to: ‘R_registerRoutines’, ‘R_useDynamicSymbols’
    
    It is good practice to register native routines and to disable symbol
    search.
    
    See ‘Writing portable packages’ in the ‘Writing R Extensions’ manual.
Flavors: r-devel-linux-x86_64-fedora-clang, r-devel-linux-x86_64-fedora-gcc