CRAN Package Check Results for Package pdfminer

Last updated on 2022-11-26 05:09:23 CET.

Flavor Version Tinstall Tcheck Ttotal Status Flags
r-devel-linux-x86_64-debian-clang 1.0 2.21 28.15 30.36 NOTE
r-devel-linux-x86_64-debian-gcc 1.0 1.78 22.21 23.99 NOTE
r-devel-linux-x86_64-fedora-clang 1.0 52.93 NOTE
r-devel-linux-x86_64-fedora-gcc 1.0 47.97 NOTE
r-devel-windows-x86_64 1.0 14.00 66.00 80.00 NOTE
r-patched-linux-x86_64 1.0 NOTE
r-release-linux-x86_64 1.0 1.43 26.87 28.30 NOTE
r-release-macos-arm64 1.0 18.00 NOTE
r-release-macos-x86_64 1.0 22.00 NOTE
r-release-windows-x86_64 1.0 13.00 61.00 74.00 NOTE
r-oldrel-macos-arm64 1.0 23.00 NOTE
r-oldrel-macos-x86_64 1.0 26.00 NOTE
r-oldrel-windows-ix86+x86_64 1.0 6.00 51.00 57.00 OK

Check Details

Version: 1.0
Check: package dependencies
Result: NOTE
    Package suggested but not available for checking: 'PythonInR'
Flavors: r-devel-linux-x86_64-debian-clang, r-devel-linux-x86_64-debian-gcc, r-devel-linux-x86_64-fedora-clang, r-devel-linux-x86_64-fedora-gcc, r-devel-windows-x86_64, r-patched-linux-x86_64, r-release-linux-x86_64, r-release-macos-arm64, r-release-macos-x86_64, r-release-windows-x86_64, r-oldrel-macos-arm64, r-oldrel-macos-x86_64