CRAN Package Check Results for Package pdfsearch

Last updated on 2024-06-13 06:58:12 CEST.

Flavor Version Tinstall Tcheck Ttotal Status Flags
r-devel-linux-x86_64-debian-clang 0.3.0 4.91 61.90 66.81 NOTE
r-devel-linux-x86_64-debian-gcc 0.3.0 0.33 1.82 2.15 ERROR
r-devel-linux-x86_64-fedora-clang 0.3.0 84.30 NOTE
r-devel-linux-x86_64-fedora-gcc 0.3.0 92.04 NOTE
r-devel-windows-x86_64 0.3.0 6.00 66.00 72.00 NOTE
r-patched-linux-x86_64 0.3.0 8.07 58.62 66.69 NOTE
r-release-linux-x86_64 0.3.0 4.47 60.04 64.51 NOTE
r-release-macos-arm64 0.3.0 34.00 NOTE
r-release-macos-x86_64 0.3.0 50.00 NOTE
r-release-windows-x86_64 0.3.0 6.00 67.00 73.00 NOTE
r-oldrel-macos-arm64 0.3.0 40.00 OK
r-oldrel-macos-x86_64 0.3.0 53.00 OK
r-oldrel-windows-x86_64 0.3.0 6.00 74.00 80.00 OK

Check Details

Version: 0.3.0
Check: Rd files
Result: NOTE checkRd: (-1) keyword_directory.Rd:48: Lost braces 48 | Default pattern is "\\p{WHITE_SPACE}{3,}" which can be interpreted as: | ^ checkRd: (-1) keyword_directory.Rd:48: Lost braces 48 | Default pattern is "\\p{WHITE_SPACE}{3,}" which can be interpreted as: | ^ checkRd: (-1) keyword_search.Rd:59: Lost braces 59 | Default pattern is "\\p{WHITE_SPACE}{3,}" which can be interpreted as: | ^ checkRd: (-1) keyword_search.Rd:59: Lost braces 59 | Default pattern is "\\p{WHITE_SPACE}{3,}" which can be interpreted as: | ^ Flavors: r-devel-linux-x86_64-debian-clang, r-devel-linux-x86_64-fedora-clang, r-devel-linux-x86_64-fedora-gcc, r-devel-windows-x86_64, r-patched-linux-x86_64, r-release-linux-x86_64, r-release-macos-arm64, r-release-macos-x86_64, r-release-windows-x86_64

Version: 0.3.0
Check: package dependencies
Result: ERROR Package required but not available: ‘tibble’ Package suggested but not available for checking: ‘testthat’ See section ‘The DESCRIPTION file’ in the ‘Writing R Extensions’ manual. Flavor: r-devel-linux-x86_64-debian-gcc