CRAN Package Check Results for Package pedometrics

Last updated on 2019-08-23 05:47:01 CEST.

Flavor Version Tinstall Tcheck Ttotal Status Flags
r-devel-linux-x86_64-debian-clang 0.6-6 17.67 43.76 61.43 OK
r-devel-linux-x86_64-debian-gcc 0.6-6 12.49 34.44 46.93 OK
r-devel-linux-x86_64-fedora-clang 0.6-6 78.59 NOTE
r-devel-linux-x86_64-fedora-gcc 0.6-6 73.80 NOTE
r-devel-windows-ix86+x86_64 0.6-6 50.00 0.00 50.00 FAIL
r-patched-linux-x86_64 0.6-6 13.40 42.50 55.90 OK
r-patched-solaris-x86 0.6-6 100.60 OK
r-release-linux-x86_64 0.6-6 13.88 42.63 56.51 OK
r-release-windows-ix86+x86_64 0.6-6 32.00 120.00 152.00 OK
r-release-osx-x86_64 0.6-6 OK
r-oldrel-windows-ix86+x86_64 0.6-6 41.00 96.00 137.00 OK
r-oldrel-osx-x86_64 0.6-6 OK

Check Details

Version: 0.6-6
Check: compiled code
Result: NOTE
    File ‘pedometrics/libs/pedometrics.so’:
     Found no calls to: ‘R_registerRoutines’, ‘R_useDynamicSymbols’
    
    It is good practice to register native routines and to disable symbol
    search.
    
    See ‘Writing portable packages’ in the ‘Writing R Extensions’ manual.
Flavors: r-devel-linux-x86_64-fedora-clang, r-devel-linux-x86_64-fedora-gcc

Version: 0.6-6
Check: package dependencies
Result: FAIL
    Check process probably crashed or hung up for 20 minutes ... killed
    Most likely this happened in the example checks (?),
    if not, ignore the following last lines of example output:
    
    ======== End of example output (where/before crash/hang up occured ?) ========
Flavor: r-devel-windows-ix86+x86_64