CRAN Package Check Results for Package pegas

Last updated on 2021-10-25 05:58:21 CEST.

Flavor Version Tinstall Tcheck Ttotal Status Flags
r-devel-linux-x86_64-debian-clang 1.0-1 21.27 166.48 187.75 OK
r-devel-linux-x86_64-debian-gcc 1.0-1 16.44 124.26 140.70 OK
r-devel-linux-x86_64-fedora-clang 1.0-1 239.24 OK
r-devel-linux-x86_64-fedora-gcc 1.0-1 225.24 OK
r-devel-windows-x86_64 1.0-1 33.00 205.00 238.00 OK
r-devel-windows-x86_64-gcc10-UCRT 1.0-1 OK
r-patched-linux-x86_64 1.0-1 28.04 162.70 190.74 OK
r-patched-solaris-x86 1.0-1 325.70 OK
r-release-linux-x86_64 1.0-1 20.55 161.17 181.72 OK
r-release-macos-arm64 1.0-1 NOTE
r-release-macos-x86_64 1.0-1 OK
r-release-windows-ix86+x86_64 1.0-1 32.00 283.00 315.00 OK
r-oldrel-macos-x86_64 1.0-1 OK
r-oldrel-windows-ix86+x86_64 1.0-1 71.00 395.00 466.00 OK

Check Details

Version: 1.0-1
Check: package dependencies
Result: NOTE
    Package suggested but not available for checking: ‘snpStats’
Flavor: r-release-macos-arm64