CRAN Package Check Results for Package pegas

Last updated on 2020-09-22 05:50:58 CEST.

Flavor Version Tinstall Tcheck Ttotal Status Flags
r-devel-linux-x86_64-debian-clang 0.14 28.40 205.49 233.89 OK
r-devel-linux-x86_64-debian-gcc 0.14 0.36 2.44 2.80 ERROR
r-devel-linux-x86_64-fedora-clang 0.14 305.36 NOTE
r-devel-linux-x86_64-fedora-gcc 0.14 285.59 OK
r-devel-windows-ix86+x86_64 0.14 61.00 282.00 343.00 OK
r-patched-linux-x86_64 0.14 24.56 199.09 223.65 OK
r-patched-solaris-x86 0.14 406.50 OK
r-release-linux-x86_64 0.14 25.08 199.52 224.60 OK
r-release-macos-x86_64 0.14 OK
r-release-windows-ix86+x86_64 0.14 50.00 280.00 330.00 OK
r-oldrel-macos-x86_64 0.14 OK
r-oldrel-windows-ix86+x86_64 0.14 38.00 316.00 354.00 OK

Check Details

Version: 0.14
Check: whether package can be installed
Result: ERROR
    Installation failed.
Flavor: r-devel-linux-x86_64-debian-gcc

Version: 0.14
Check: Rd cross-references
Result: NOTE
    Undeclared packages ‘ade4’, ‘vegan’ in Rd xrefs
Flavor: r-devel-linux-x86_64-fedora-clang