CRAN Package Check Results for Package penPHcure

Last updated on 2021-01-16 05:47:14 CET.

Flavor Version Tinstall Tcheck Ttotal Status Flags
r-devel-linux-x86_64-debian-clang 1.0.2 172.48 87.40 259.88 OK
r-devel-linux-x86_64-debian-gcc 1.0.2 115.80 83.81 199.61 OK
r-devel-linux-x86_64-fedora-clang 1.0.2 364.83 NOTE
r-devel-linux-x86_64-fedora-gcc 1.0.2 324.10 OK
r-devel-windows-ix86+x86_64 1.0.2 299.00 117.00 416.00 OK
r-patched-linux-x86_64 1.0.2 139.99 79.93 219.92 OK
r-patched-solaris-x86 1.0.2 292.60 OK
r-release-linux-x86_64 1.0.2 142.29 83.84 226.13 OK
r-release-macos-x86_64 1.0.2 NOTE
r-release-windows-ix86+x86_64 1.0.2 339.00 117.00 456.00 OK
r-oldrel-macos-x86_64 1.0.2 NOTE
r-oldrel-windows-ix86+x86_64 1.0.2 349.00 101.00 450.00 OK

Check Details

Version: 1.0.2
Check: installed package size
Result: NOTE
     installed size is 7.4Mb
     sub-directories of 1Mb or more:
     libs 7.2Mb
Flavors: r-devel-linux-x86_64-fedora-clang, r-release-macos-x86_64, r-oldrel-macos-x86_64