CRAN Package Check Results for Package penPHcure

Last updated on 2021-10-16 05:51:31 CEST.

Flavor Version Tinstall Tcheck Ttotal Status Flags
r-devel-linux-x86_64-debian-clang 1.0.2 155.98 84.55 240.53 OK
r-devel-linux-x86_64-debian-gcc 1.0.2 121.92 69.51 191.43 OK
r-devel-linux-x86_64-fedora-clang 1.0.2 371.90 NOTE
r-devel-linux-x86_64-fedora-gcc 1.0.2 336.36 OK
r-devel-windows-x86_64 1.0.2 188.00 82.00 270.00 OK
r-devel-windows-x86_64-gcc10-UCRT 1.0.2 OK
r-patched-linux-x86_64 1.0.2 147.34 80.41 227.75 OK
r-patched-solaris-x86 1.0.2 299.80 OK
r-release-linux-x86_64 1.0.2 144.65 78.41 223.06 OK
r-release-macos-arm64 1.0.2 NOTE
r-release-macos-x86_64 1.0.2 NOTE
r-release-windows-ix86+x86_64 1.0.2 420.00 148.00 568.00 OK
r-oldrel-macos-x86_64 1.0.2 NOTE
r-oldrel-windows-ix86+x86_64 1.0.2 417.00 151.00 568.00 OK

Check Details

Version: 1.0.2
Check: installed package size
Result: NOTE
     installed size is 6.0Mb
     sub-directories of 1Mb or more:
     libs 5.8Mb
Flavors: r-devel-linux-x86_64-fedora-clang, r-release-macos-arm64, r-release-macos-x86_64, r-oldrel-macos-x86_64