Last updated on 2021-01-23 05:47:11 CET.
Flavor | Version | Tinstall | Tcheck | Ttotal | Status | Flags |
---|---|---|---|---|---|---|
r-devel-linux-x86_64-debian-clang | 0.9-51 | 90.66 | 120.50 | 211.16 | OK | |
r-devel-linux-x86_64-debian-gcc | 0.9-51 | 63.81 | 91.98 | 155.79 | OK | |
r-devel-linux-x86_64-fedora-clang | 0.9-51 | 282.63 | NOTE | |||
r-devel-linux-x86_64-fedora-gcc | 0.9-51 | 264.01 | OK | |||
r-devel-windows-ix86+x86_64 | 0.9-51 | 202.00 | 142.00 | 344.00 | OK | |
r-patched-linux-x86_64 | 0.9-51 | 77.77 | 112.51 | 190.28 | OK | |
r-patched-solaris-x86 | 0.9-51 | 291.10 | OK | |||
r-release-linux-x86_64 | 0.9-51 | 76.52 | 114.39 | 190.91 | OK | |
r-release-macos-x86_64 | 0.9-51 | NOTE | ||||
r-release-windows-ix86+x86_64 | 0.9-51 | 148.00 | 181.00 | 329.00 | OK | |
r-oldrel-macos-x86_64 | 0.9-51 | NOTE | ||||
r-oldrel-windows-ix86+x86_64 | 0.9-51 | 129.00 | 134.00 | 263.00 | OK |
Version: 0.9-51
Check: installed package size
Result: NOTE
installed size is 6.3Mb
sub-directories of 1Mb or more:
libs 5.3Mb
Flavors: r-devel-linux-x86_64-fedora-clang, r-release-macos-x86_64, r-oldrel-macos-x86_64
Version: 0.9-51
Check: package dependencies
Result: NOTE
Package suggested but not available for checking: ‘globaltest’
Flavor: r-oldrel-macos-x86_64