CRAN Package Check Results for Package pencal

Last updated on 2024-06-13 06:58:12 CEST.

Flavor Version Tinstall Tcheck Ttotal Status Flags
r-devel-linux-x86_64-debian-clang 2.2.1 17.43 130.33 147.76 OK
r-devel-linux-x86_64-debian-gcc 2.2.1 0.47 1.86 2.33 ERROR
r-devel-linux-x86_64-fedora-clang 2.2.2 182.91 OK
r-devel-linux-x86_64-fedora-gcc 2.2.2 186.96 OK
r-devel-windows-x86_64 2.2.2 4.00 9.00 13.00 ERROR
r-patched-linux-x86_64 2.2.1 16.19 126.76 142.95 OK
r-release-linux-x86_64 2.2.1 11.33 123.77 135.10 OK
r-release-macos-arm64 2.2.2 72.00 OK
r-release-macos-x86_64 2.2.2 180.00 OK
r-release-windows-x86_64 2.2.1 15.00 153.00 168.00 OK
r-oldrel-macos-arm64 2.2.2 79.00 OK
r-oldrel-macos-x86_64 2.2.2 162.00 OK
r-oldrel-windows-x86_64 2.2.1 19.00 186.00 205.00 OK

Check Details

Version: 2.2.1
Check: package dependencies
Result: ERROR Packages required but not available: 'dplyr', 'purrr', 'riskRegression' Packages suggested but not available for checking: 'ptmixed', 'survminer' See section ‘The DESCRIPTION file’ in the ‘Writing R Extensions’ manual. Flavor: r-devel-linux-x86_64-debian-gcc

Version: 2.2.2
Check: whether package can be installed
Result: ERROR Installation failed. Flavor: r-devel-windows-x86_64