CRAN Package Check Results for Package pencopulaCond

Last updated on 2022-09-26 05:55:49 CEST.

Flavor Version Tinstall Tcheck Ttotal Status Flags
r-devel-linux-x86_64-debian-clang 0.2 15.83 144.00 159.83 NOTE
r-devel-linux-x86_64-debian-gcc 0.2 15.67 106.71 122.38 NOTE
r-devel-linux-x86_64-fedora-clang 0.2 203.06 NOTE
r-devel-linux-x86_64-fedora-gcc 0.2 203.50 NOTE
r-devel-windows-x86_64 0.2 43.00 154.00 197.00 NOTE
r-patched-linux-x86_64 0.2 18.57 133.21 151.78 OK
r-release-linux-x86_64 0.2 13.15 135.68 148.83 OK
r-release-macos-arm64 0.2 47.00 OK
r-release-macos-x86_64 0.2 90.00 OK
r-release-windows-x86_64 0.2 25.00 152.00 177.00 OK
r-oldrel-macos-arm64 0.2 65.00 OK
r-oldrel-macos-x86_64 0.2 101.00 OK
r-oldrel-windows-ix86+x86_64 0.2 40.00 156.00 196.00 OK

Check Details

Version: 0.2
Check: Rd files
Result: NOTE
    checkRd: (-1) my.bspline.Rd:38: Escaped LaTeX specials: \$ \$ \$
Flavors: r-devel-linux-x86_64-debian-clang, r-devel-linux-x86_64-debian-gcc, r-devel-linux-x86_64-fedora-clang, r-devel-linux-x86_64-fedora-gcc, r-devel-windows-x86_64