Last updated on 2021-01-22 05:50:36 CET.
Flavor | Version | Tinstall | Tcheck | Ttotal | Status | Flags |
---|---|---|---|---|---|---|
r-devel-linux-x86_64-debian-clang | 2.0.2 | 465.11 | 144.59 | 609.70 | OK | |
r-devel-linux-x86_64-debian-gcc | 2.0.2 | 357.13 | 102.61 | 459.74 | OK | |
r-devel-linux-x86_64-fedora-clang | 2.0.2 | 852.57 | NOTE | |||
r-devel-linux-x86_64-fedora-gcc | 2.0.2 | 828.04 | OK | |||
r-devel-windows-ix86+x86_64 | 2.0.2 | 893.00 | 265.00 | 1158.00 | NOTE | |
r-patched-linux-x86_64 | 2.0.2 | 407.56 | 135.05 | 542.61 | OK | |
r-patched-solaris-x86 | 2.0.2 | 730.20 | OK | |||
r-release-linux-x86_64 | 2.0.2 | 399.54 | 137.01 | 536.55 | OK | |
r-release-macos-x86_64 | 2.0.2 | NOTE | ||||
r-release-windows-ix86+x86_64 | 2.0.2 | 659.00 | 324.00 | 983.00 | NOTE | |
r-oldrel-macos-x86_64 | 2.0.2 | NOTE | ||||
r-oldrel-windows-ix86+x86_64 | 2.0.2 | 621.00 | 255.00 | 876.00 | NOTE |
Version: 2.0.2
Check: installed package size
Result: NOTE
installed size is 55.7Mb
sub-directories of 1Mb or more:
libs 54.7Mb
Flavors: r-devel-linux-x86_64-fedora-clang, r-devel-windows-ix86+x86_64, r-release-macos-x86_64, r-release-windows-ix86+x86_64, r-oldrel-macos-x86_64, r-oldrel-windows-ix86+x86_64