CRAN Package Check Results for Package perccal

Last updated on 2021-01-15 05:49:00 CET.

Flavor Version Tinstall Tcheck Ttotal Status Flags
r-devel-linux-x86_64-debian-clang 1.0 42.90 29.72 72.62 OK
r-devel-linux-x86_64-debian-gcc 1.0 26.54 22.80 49.34 OK
r-devel-linux-x86_64-fedora-clang 1.0 100.17 NOTE
r-devel-linux-x86_64-fedora-gcc 1.0 83.47 NOTE
r-devel-windows-ix86+x86_64 1.0 64.00 74.00 138.00 OK
r-patched-linux-x86_64 1.0 32.04 28.70 60.74 OK
r-patched-solaris-x86 1.0 90.50 OK
r-release-linux-x86_64 1.0 29.05 28.53 57.58 OK
r-release-macos-x86_64 1.0 OK
r-release-windows-ix86+x86_64 1.0 70.00 62.00 132.00 OK
r-oldrel-macos-x86_64 1.0 OK
r-oldrel-windows-ix86+x86_64 1.0 64.00 46.00 110.00 OK

Check Details

Version: 1.0
Check: compiled code
Result: NOTE
    File ‘perccal/libs/perccal.so’:
     Found no calls to: ‘R_registerRoutines’, ‘R_useDynamicSymbols’
    
    It is good practice to register native routines and to disable symbol
    search.
    
    See ‘Writing portable packages’ in the ‘Writing R Extensions’ manual.
Flavors: r-devel-linux-x86_64-fedora-clang, r-devel-linux-x86_64-fedora-gcc