CRAN Package Check Results for Package perfectphyloR

Last updated on 2021-01-19 05:48:12 CET.

Flavor Version Tinstall Tcheck Ttotal Status Flags
r-devel-linux-x86_64-debian-clang 0.2.0 60.14 49.95 110.09 OK
r-devel-linux-x86_64-debian-gcc 0.2.0 38.19 38.62 76.81 OK
r-devel-linux-x86_64-fedora-clang 0.2.0 154.80 OK
r-devel-linux-x86_64-fedora-gcc 0.2.0 133.33 OK
r-devel-windows-ix86+x86_64 0.2.0 101.00 99.00 200.00 OK
r-patched-linux-x86_64 0.2.0 43.98 48.16 92.14 OK
r-patched-solaris-x86 0.2.0 134.50 OK
r-release-linux-x86_64 0.2.0 45.38 47.98 93.36 OK
r-release-macos-x86_64 0.2.0 NOTE
r-release-windows-ix86+x86_64 0.2.0 114.00 93.00 207.00 OK
r-oldrel-macos-x86_64 0.2.0 OK
r-oldrel-windows-ix86+x86_64 0.2.0 89.00 76.00 165.00 OK

Check Details

Version: 0.2.0
Check: package dependencies
Result: NOTE
    Package suggested but not available for checking: ‘vcfR’
Flavor: r-release-macos-x86_64