CRAN Package Check Results for Package permute

Last updated on 2024-07-19 06:50:22 CEST.

Flavor Version Tinstall Tcheck Ttotal Status Flags
r-devel-linux-x86_64-debian-clang 0.9-7 4.54 61.38 65.92 NOTE
r-devel-linux-x86_64-debian-gcc 0.9-7 2.47 45.48 47.95 NOTE
r-devel-linux-x86_64-fedora-clang 0.9-7 82.68 NOTE
r-devel-linux-x86_64-fedora-gcc 0.9-7 90.89 NOTE
r-devel-windows-x86_64 0.9-7 4.00 75.00 79.00 NOTE
r-patched-linux-x86_64 0.9-7 4.91 59.08 63.99 NOTE
r-release-linux-x86_64 0.9-7 3.91 58.43 62.34 NOTE
r-release-macos-arm64 0.9-7 35.00 NOTE
r-release-macos-x86_64 0.9-7 56.00 NOTE
r-release-windows-x86_64 0.9-7 6.00 73.00 79.00 NOTE
r-oldrel-macos-arm64 0.9-7 33.00 NOTE
r-oldrel-macos-x86_64 0.9-7 50.00 NOTE
r-oldrel-windows-x86_64 0.9-7 5.00 80.00 85.00 NOTE

Check Details

Version: 0.9-7
Check: Rd files
Result: NOTE checkRd: (-1) jackal.Rd:32: Escaped LaTeX specials: \& Flavors: r-devel-linux-x86_64-debian-clang, r-devel-linux-x86_64-debian-gcc, r-devel-linux-x86_64-fedora-clang, r-devel-linux-x86_64-fedora-gcc, r-devel-windows-x86_64, r-patched-linux-x86_64, r-release-linux-x86_64, r-release-macos-arm64, r-release-macos-x86_64, r-release-windows-x86_64, r-oldrel-macos-arm64, r-oldrel-macos-x86_64, r-oldrel-windows-x86_64