CRAN Package Check Results for Package pgTools

Last updated on 2021-06-13 05:51:14 CEST.

Flavor Version Tinstall Tcheck Ttotal Status Flags
r-devel-linux-x86_64-debian-clang 0.1.0 3.49 35.08 38.57 NOTE
r-devel-linux-x86_64-debian-gcc 0.1.0 2.53 26.86 29.39 NOTE
r-devel-linux-x86_64-fedora-clang 0.1.0 55.07 NOTE
r-devel-linux-x86_64-fedora-gcc 0.1.0 44.37 NOTE
r-devel-windows-x86_64 0.1.0 7.00 56.00 63.00 NOTE
r-devel-windows-x86_64-gcc10-UCRT 0.1.0 NOTE
r-patched-linux-x86_64 0.1.0 3.65 32.94 36.59 NOTE
r-patched-solaris-x86 0.1.0 64.40 NOTE
r-release-linux-x86_64 0.1.0 3.40 32.86 36.26 NOTE
r-release-macos-arm64 0.1.0 NOTE
r-release-macos-x86_64 0.1.0 NOTE
r-release-windows-ix86+x86_64 0.1.0 6.00 51.00 57.00 NOTE
r-oldrel-macos-x86_64 0.1.0 OK
r-oldrel-windows-ix86+x86_64 0.1.0 7.00 56.00 63.00 OK

Check Details

Version: 0.1.0
Check: LazyData
Result: NOTE
     'LazyData' is specified without a 'data' directory
Flavors: r-devel-linux-x86_64-debian-clang, r-devel-linux-x86_64-debian-gcc, r-devel-linux-x86_64-fedora-clang, r-devel-linux-x86_64-fedora-gcc, r-devel-windows-x86_64, r-devel-windows-x86_64-gcc10-UCRT, r-patched-linux-x86_64, r-patched-solaris-x86, r-release-linux-x86_64, r-release-macos-arm64, r-release-macos-x86_64, r-release-windows-ix86+x86_64