CRAN Package Check Results for Package pglm

Last updated on 2022-01-26 05:54:24 CET.

Flavor Version Tinstall Tcheck Ttotal Status Flags
r-devel-linux-x86_64-debian-clang 0.2-3 5.26 99.87 105.13 OK
r-devel-linux-x86_64-debian-gcc 0.2-3 5.15 74.17 79.32 OK
r-devel-linux-x86_64-fedora-clang 0.2-3 120.31 OK
r-devel-linux-x86_64-fedora-gcc 0.2-3 115.02 OK
r-devel-windows-x86_64-new-UL 0.2-3 30.00 111.00 141.00 OK
r-devel-windows-x86_64-new-TK 0.2-3 NOTE
r-patched-linux-x86_64 0.2-3 5.30 86.61 91.91 OK
r-release-linux-x86_64 0.2-3 5.03 87.13 92.16 OK
r-release-macos-arm64 0.2-3 OK
r-release-macos-x86_64 0.2-3 OK
r-release-windows-ix86+x86_64 0.2-3 21.00 101.00 122.00 OK
r-oldrel-macos-x86_64 0.2-3 OK
r-oldrel-windows-ix86+x86_64 0.2-3 22.00 101.00 123.00 OK

Check Details

Version: 0.2-3
Check: package dependencies
Result: NOTE
    Package suggested but not available for checking: 'car'
Flavor: r-devel-windows-x86_64-new-TK