CRAN Package Check Results for Package ph2hetero

Last updated on 2019-12-12 05:48:19 CET.

Flavor Version Tinstall Tcheck Ttotal Status Flags
r-devel-linux-x86_64-debian-clang 1.0.2 12.47 28.74 41.21 NOTE
r-devel-linux-x86_64-debian-gcc 1.0.2 10.78 22.79 33.57 NOTE
r-devel-linux-x86_64-fedora-clang 1.0.2 50.88 NOTE
r-devel-linux-x86_64-fedora-gcc 1.0.2 50.50 NOTE
r-devel-windows-ix86+x86_64 1.0.2 35.00 88.00 123.00 NOTE
r-devel-windows-ix86+x86_64-gcc8 1.0.2 32.00 84.00 116.00 NOTE
r-patched-linux-x86_64 1.0.2 11.59 27.61 39.20 NOTE
r-patched-solaris-x86 1.0.2 72.70 NOTE
r-release-linux-x86_64 1.0.2 10.73 27.75 38.48 NOTE
r-release-windows-ix86+x86_64 1.0.2 28.00 64.00 92.00 NOTE
r-release-osx-x86_64 1.0.2 NOTE
r-oldrel-windows-ix86+x86_64 1.0.2 22.00 60.00 82.00 NOTE
r-oldrel-osx-x86_64 1.0.2 NOTE

Check Details

Version: 1.0.2
Check: for GNU extensions in Makefiles
Result: NOTE
    GNU make is a SystemRequirements.
Flavors: r-devel-linux-x86_64-debian-clang, r-devel-linux-x86_64-debian-gcc, r-devel-linux-x86_64-fedora-clang, r-devel-linux-x86_64-fedora-gcc, r-devel-windows-ix86+x86_64, r-devel-windows-ix86+x86_64-gcc8, r-patched-linux-x86_64, r-patched-solaris-x86, r-release-linux-x86_64, r-release-windows-ix86+x86_64, r-release-osx-x86_64, r-oldrel-windows-ix86+x86_64, r-oldrel-osx-x86_64