CRAN Package Check Results for Package phantom

Last updated on 2019-09-22 05:46:18 CEST.

Flavor Version Tinstall Tcheck Ttotal Status Flags
r-devel-linux-x86_64-debian-clang 0.1.3 35.66 109.40 145.06 OK
r-devel-linux-x86_64-debian-gcc 0.1.3 32.20 86.47 118.67 OK
r-devel-linux-x86_64-fedora-clang 0.1.3 194.69 OK
r-devel-linux-x86_64-fedora-gcc 0.1.3 198.05 OK
r-devel-windows-ix86+x86_64 0.1.3 109.00 223.00 332.00 OK
r-patched-linux-x86_64 0.1.3 35.13 105.49 140.62 OK
r-patched-solaris-x86 0.1.3 271.00 OK
r-release-linux-x86_64 0.1.3 33.93 109.38 143.31 OK
r-release-windows-ix86+x86_64 0.1.3 66.00 158.00 224.00 OK
r-release-osx-x86_64 0.1.3 ERROR
r-oldrel-windows-ix86+x86_64 0.1.3 63.00 163.00 226.00 OK
r-oldrel-osx-x86_64 0.1.3 OK

Check Details

Version: 0.1.3
Check: package dependencies
Result: ERROR
    Package required but not available: ‘qusage’
    
    See section ‘The DESCRIPTION file’ in the ‘Writing R Extensions’
    manual.
Flavor: r-release-osx-x86_64