CRAN Package Check Results for Package phantom

Last updated on 2019-07-16 05:48:25 CEST.

Flavor Version Tinstall Tcheck Ttotal Status Flags
r-devel-linux-x86_64-debian-clang 0.1.3 37.28 112.04 149.32 OK
r-devel-linux-x86_64-debian-gcc 0.1.3 31.93 87.10 119.03 OK
r-devel-linux-x86_64-fedora-clang 0.1.3 192.18 OK
r-devel-linux-x86_64-fedora-gcc 0.1.3 190.60 OK
r-devel-windows-ix86+x86_64 0.1.3 124.00 164.00 288.00 OK
r-patched-linux-x86_64 0.1.3 35.40 108.43 143.83 OK
r-patched-solaris-x86 0.1.3 270.40 OK
r-release-linux-x86_64 0.1.3 36.13 108.59 144.72 OK
r-release-windows-ix86+x86_64 0.1.3 94.00 245.00 339.00 OK
r-release-osx-x86_64 0.1.3 ERROR
r-oldrel-windows-ix86+x86_64 0.1.3 107.00 157.00 264.00 OK
r-oldrel-osx-x86_64 0.1.3 OK

Check Details

Version: 0.1.3
Check: package dependencies
Result: ERROR
    Package required but not available: ‘qusage’
    
    See section ‘The DESCRIPTION file’ in the ‘Writing R Extensions’
    manual.
Flavor: r-release-osx-x86_64