CRAN Package Check Results for Package phantom

Last updated on 2020-02-16 05:48:02 CET.

Flavor Version Tinstall Tcheck Ttotal Status Flags
r-devel-linux-x86_64-debian-clang 0.1.3 41.95 123.85 165.80 OK
r-devel-linux-x86_64-debian-gcc 0.1.3 32.47 94.88 127.35 OK
r-devel-linux-x86_64-fedora-clang 0.1.3 211.14 WARN
r-devel-linux-x86_64-fedora-gcc 0.1.3 197.29 OK
r-devel-windows-ix86+x86_64 0.1.3 103.00 190.00 293.00 OK
r-devel-windows-ix86+x86_64-gcc8 0.1.3 125.00 232.00 357.00 OK
r-patched-linux-x86_64 0.1.3 31.27 105.66 136.93 OK
r-patched-solaris-x86 0.1.3 260.40 OK
r-release-linux-x86_64 0.1.3 35.76 106.46 142.22 OK
r-release-windows-ix86+x86_64 0.1.3 79.00 161.00 240.00 OK
r-release-osx-x86_64 0.1.3 OK
r-oldrel-windows-ix86+x86_64 0.1.3 74.00 228.00 302.00 OK
r-oldrel-osx-x86_64 0.1.3 OK

Check Details

Version: 0.1.3
Check: package dependencies
Result: WARN
    Requires orphaned package: ‘gplots’
Flavor: r-devel-linux-x86_64-fedora-clang