CRAN Package Check Results for Package phase1PRMD

Last updated on 2021-12-05 05:52:55 CET.

Flavor Version Tinstall Tcheck Ttotal Status Flags
r-devel-linux-x86_64-debian-clang 1.0.2 8.91 82.22 91.13 OK
r-devel-linux-x86_64-debian-gcc 1.0.2 7.69 62.62 70.31 OK
r-devel-linux-x86_64-fedora-clang 1.0.2 108.83 NOTE
r-devel-linux-x86_64-fedora-gcc 1.0.2 97.35 OK
r-devel-windows-x86_64-new-UL 1.0.2 19.00 120.00 139.00 OK
r-devel-windows-x86_64-new-TK 1.0.2 OK
r-devel-windows-x86_64-old 1.0.2 14.00 72.00 86.00 OK
r-patched-linux-x86_64 1.0.2 10.18 70.30 80.48 OK
r-release-linux-x86_64 1.0.2 9.05 78.33 87.38 OK
r-release-macos-arm64 1.0.2 OK
r-release-macos-x86_64 1.0.2 OK
r-release-windows-ix86+x86_64 1.0.2 20.00 102.00 122.00 OK
r-oldrel-macos-x86_64 1.0.2 OK
r-oldrel-windows-ix86+x86_64 1.0.2 21.00 95.00 116.00 OK

Check Details

Version: 1.0.2
Check: Rd cross-references
Result: NOTE
    Undeclared package ‘phase1RMD’ in Rd xrefs
Flavor: r-devel-linux-x86_64-fedora-clang