CRAN Package Check Results for Package phateR

Last updated on 2020-01-20 05:47:21 CET.

Flavor Version Tinstall Tcheck Ttotal Status Flags
r-devel-linux-x86_64-debian-clang 1.0.0 11.72 92.29 104.01 OK
r-devel-linux-x86_64-debian-gcc 1.0.0 9.84 71.08 80.92 OK
r-devel-linux-x86_64-fedora-clang 1.0.0 195.76 NOTE
r-devel-linux-x86_64-fedora-gcc 1.0.0 189.78 OK
r-devel-windows-ix86+x86_64 1.0.0 33.00 11.00 44.00 ERROR
r-devel-windows-ix86+x86_64-gcc8 1.0.0 24.00 130.00 154.00 NOTE
r-patched-linux-x86_64 1.0.0 10.25 81.73 91.98 OK
r-patched-solaris-x86 1.0.0 139.70 NOTE
r-release-linux-x86_64 1.0.0 10.40 81.87 92.27 OK
r-release-windows-ix86+x86_64 1.0.0 33.00 89.00 122.00 NOTE
r-release-osx-x86_64 1.0.0 NOTE
r-oldrel-windows-ix86+x86_64 1.0.0 17.00 7.00 24.00 ERROR
r-oldrel-osx-x86_64 1.0.0 NOTE

Check Details

Version: 1.0.0
Check: installed package size
Result: NOTE
     installed size is 5.2Mb
     sub-directories of 1Mb or more:
     data 2.3Mb
     examples 2.6Mb
Flavors: r-devel-linux-x86_64-fedora-clang, r-devel-windows-ix86+x86_64, r-devel-windows-ix86+x86_64-gcc8, r-patched-solaris-x86, r-release-windows-ix86+x86_64, r-release-osx-x86_64, r-oldrel-osx-x86_64

Version: 1.0.0
Check: whether the package can be loaded
Result: ERROR
    Loading this package had a fatal error status code 1
    Loading log:
    Loading required package: Matrix
    Error: package or namespace load failed for 'phateR':
     .onLoad failed in loadNamespace() for 'phateR', details:
     call: NULL
     error: lexical error: invalid char in json text.
     NA
     (right here) ------^
    Execution halted
Flavor: r-devel-windows-ix86+x86_64

Version: 1.0.0
Check: whether package can be installed
Result: ERROR
    Installation failed.
Flavor: r-oldrel-windows-ix86+x86_64