CRAN Package Check Results for Package phenability

Last updated on 2020-04-08 05:47:28 CEST.

Flavor Version Tinstall Tcheck Ttotal Status Flags
r-devel-linux-x86_64-debian-clang 2.0 2.66 22.55 25.21 NOTE
r-devel-linux-x86_64-debian-gcc 2.0 2.07 17.93 20.00 NOTE
r-devel-linux-x86_64-fedora-clang 2.0 30.65 NOTE
r-devel-linux-x86_64-fedora-gcc 2.0 32.39 NOTE
r-devel-windows-ix86+x86_64 2.0 5.00 49.00 54.00 NOTE
r-devel-windows-ix86+x86_64-gcc8 2.0 6.00 34.00 40.00 NOTE
r-patched-linux-x86_64 2.0 2.50 22.06 24.56 NOTE
r-patched-solaris-x86 2.0 47.00 NOTE
r-release-linux-x86_64 2.0 1.86 20.95 22.81 NOTE
r-release-windows-ix86+x86_64 2.0 5.00 47.00 52.00 NOTE
r-release-osx-x86_64 2.0 NOTE
r-oldrel-windows-ix86+x86_64 2.0 4.00 31.00 35.00 NOTE
r-oldrel-osx-x86_64 2.0 NOTE

Check Details

Version: 2.0
Check: R code for possible problems
Result: NOTE
    fox: no visible binding for global variable 'sd'
    fox: no visible global function definition for 'cor'
    fox: no visible global function definition for 'interaction.plot'
    fox: no visible global function definition for 'reorder'
    kang: no visible global function definition for 'var'
    kang: no visible binding for global variable 'sd'
    kang: no visible global function definition for 'cor'
    kang: no visible global function definition for 'interaction.plot'
    kang: no visible global function definition for 'reorder'
    nahu: no visible global function definition for 'interaction.plot'
    nahu: no visible global function definition for 'reorder'
    thsu: no visible global function definition for 'median'
    thsu: no visible binding for global variable 'sd'
    thsu: no visible global function definition for 'cor'
    thsu: no visible global function definition for 'interaction.plot'
    thsu: no visible global function definition for 'reorder'
    Undefined global functions or variables:
     cor interaction.plot median reorder sd var
    Consider adding
     importFrom("stats", "cor", "interaction.plot", "median", "reorder",
     "sd", "var")
    to your NAMESPACE file.
Flavors: r-devel-linux-x86_64-debian-clang, r-devel-linux-x86_64-debian-gcc, r-devel-linux-x86_64-fedora-clang, r-devel-linux-x86_64-fedora-gcc, r-devel-windows-ix86+x86_64, r-devel-windows-ix86+x86_64-gcc8, r-patched-linux-x86_64, r-patched-solaris-x86

Version: 2.0
Check: R code for possible problems
Result: NOTE
    fox: no visible binding for global variable ‘sd’
    fox: no visible global function definition for ‘cor’
    fox: no visible global function definition for ‘interaction.plot’
    fox: no visible global function definition for ‘reorder’
    fox: no visible global function definition for ‘plot’
    kang: no visible global function definition for ‘var’
    kang: no visible binding for global variable ‘sd’
    kang: no visible global function definition for ‘cor’
    kang: no visible global function definition for ‘interaction.plot’
    kang: no visible global function definition for ‘reorder’
    kang: no visible global function definition for ‘plot’
    nahu: no visible global function definition for ‘interaction.plot’
    nahu: no visible global function definition for ‘reorder’
    nahu: no visible global function definition for ‘plot’
    thsu: no visible global function definition for ‘median’
    thsu: no visible binding for global variable ‘sd’
    thsu: no visible global function definition for ‘cor’
    thsu: no visible global function definition for ‘interaction.plot’
    thsu: no visible global function definition for ‘reorder’
    thsu: no visible global function definition for ‘plot’
    Undefined global functions or variables:
     cor interaction.plot median plot reorder sd var
    Consider adding
     importFrom("graphics", "plot")
     importFrom("stats", "cor", "interaction.plot", "median", "reorder",
     "sd", "var")
    to your NAMESPACE file.
Flavors: r-release-linux-x86_64, r-release-windows-ix86+x86_64, r-release-osx-x86_64, r-oldrel-windows-ix86+x86_64, r-oldrel-osx-x86_64