CRAN Package Check Results for Package phenability

Last updated on 2020-10-28 05:48:41 CET.

Flavor Version Tinstall Tcheck Ttotal Status Flags
r-devel-linux-x86_64-debian-clang 2.0 2.65 23.96 26.61 NOTE
r-devel-linux-x86_64-debian-gcc 2.0 1.82 18.89 20.71 NOTE
r-devel-linux-x86_64-fedora-clang 2.0 40.59 NOTE
r-devel-linux-x86_64-fedora-gcc 2.0 30.83 NOTE
r-devel-windows-ix86+x86_64 2.0 5.00 33.00 38.00 NOTE
r-patched-linux-x86_64 2.0 NOTE
r-patched-solaris-x86 2.0 44.90 NOTE
r-release-linux-x86_64 2.0 2.09 22.77 24.86 NOTE
r-release-macos-x86_64 2.0 NOTE
r-release-windows-ix86+x86_64 2.0 3.00 32.00 35.00 NOTE
r-oldrel-macos-x86_64 2.0 NOTE
r-oldrel-windows-ix86+x86_64 2.0 29.00 42.00 71.00 NOTE

Check Details

Version: 2.0
Check: R code for possible problems
Result: NOTE
    fox: no visible binding for global variable 'sd'
    fox: no visible global function definition for 'cor'
    fox: no visible global function definition for 'interaction.plot'
    fox: no visible global function definition for 'reorder'
    kang: no visible global function definition for 'var'
    kang: no visible binding for global variable 'sd'
    kang: no visible global function definition for 'cor'
    kang: no visible global function definition for 'interaction.plot'
    kang: no visible global function definition for 'reorder'
    nahu: no visible global function definition for 'interaction.plot'
    nahu: no visible global function definition for 'reorder'
    thsu: no visible global function definition for 'median'
    thsu: no visible binding for global variable 'sd'
    thsu: no visible global function definition for 'cor'
    thsu: no visible global function definition for 'interaction.plot'
    thsu: no visible global function definition for 'reorder'
    Undefined global functions or variables:
     cor interaction.plot median reorder sd var
    Consider adding
     importFrom("stats", "cor", "interaction.plot", "median", "reorder",
     "sd", "var")
    to your NAMESPACE file.
Flavors: r-devel-linux-x86_64-debian-clang, r-devel-linux-x86_64-debian-gcc, r-devel-linux-x86_64-fedora-clang, r-devel-linux-x86_64-fedora-gcc, r-devel-windows-ix86+x86_64, r-patched-linux-x86_64, r-patched-solaris-x86, r-release-linux-x86_64, r-release-macos-x86_64, r-release-windows-ix86+x86_64

Version: 2.0
Check: R code for possible problems
Result: NOTE
    fox: no visible binding for global variable ‘sd’
    fox: no visible global function definition for ‘cor’
    fox: no visible global function definition for ‘interaction.plot’
    fox: no visible global function definition for ‘reorder’
    fox: no visible global function definition for ‘plot’
    kang: no visible global function definition for ‘var’
    kang: no visible binding for global variable ‘sd’
    kang: no visible global function definition for ‘cor’
    kang: no visible global function definition for ‘interaction.plot’
    kang: no visible global function definition for ‘reorder’
    kang: no visible global function definition for ‘plot’
    nahu: no visible global function definition for ‘interaction.plot’
    nahu: no visible global function definition for ‘reorder’
    nahu: no visible global function definition for ‘plot’
    thsu: no visible global function definition for ‘median’
    thsu: no visible binding for global variable ‘sd’
    thsu: no visible global function definition for ‘cor’
    thsu: no visible global function definition for ‘interaction.plot’
    thsu: no visible global function definition for ‘reorder’
    thsu: no visible global function definition for ‘plot’
    Undefined global functions or variables:
     cor interaction.plot median plot reorder sd var
    Consider adding
     importFrom("graphics", "plot")
     importFrom("stats", "cor", "interaction.plot", "median", "reorder",
     "sd", "var")
    to your NAMESPACE file.
Flavors: r-oldrel-macos-x86_64, r-oldrel-windows-ix86+x86_64